Last updated on 2025-02-16 10:50:57 CET.
Flavor | Version | Tinstall | Tcheck | Ttotal | Status | Flags |
---|---|---|---|---|---|---|
r-devel-linux-x86_64-debian-clang | 1.0.3 | 2.59 | 28.21 | 30.80 | NOTE | |
r-devel-linux-x86_64-debian-gcc | 1.0.3 | 1.82 | 21.82 | 23.64 | NOTE | |
r-devel-linux-x86_64-fedora-clang | 1.0.3 | 52.31 | OK | |||
r-devel-linux-x86_64-fedora-gcc | 1.0.3 | 49.37 | OK | |||
r-devel-macos-arm64 | 1.0.3 | 20.00 | OK | |||
r-devel-macos-x86_64 | 1.0.3 | 39.00 | OK | |||
r-devel-windows-x86_64 | 1.0.3 | 3.00 | 53.00 | 56.00 | NOTE | |
r-patched-linux-x86_64 | 1.0.3 | 4.54 | 27.29 | 31.83 | OK | |
r-release-linux-x86_64 | 1.0.3 | 2.35 | 27.88 | 30.23 | OK | |
r-release-macos-arm64 | 1.0.3 | 19.00 | OK | |||
r-release-macos-x86_64 | 1.0.3 | 29.00 | OK | |||
r-release-windows-x86_64 | 1.0.3 | 4.00 | 55.00 | 59.00 | OK | |
r-oldrel-macos-arm64 | 1.0.3 | 21.00 | OK | |||
r-oldrel-macos-x86_64 | 1.0.3 | 33.00 | OK | |||
r-oldrel-windows-x86_64 | 1.0.3 | 5.00 | 80.00 | 85.00 | OK |
Version: 1.0.3
Check: Rd cross-references
Result: NOTE
Found the following Rd file(s) with Rd \link{} targets missing package
anchors:
bilinearInterpolator.Rd: interp.surface.grid
computeStatisticalQuantitiesTile.Rd: readJPEG
getCloseMatch.Rd: nn2
Please provide package anchors for all Rd \link{} targets not in the
package itself and the base packages.
Flavors: r-devel-linux-x86_64-debian-clang, r-devel-linux-x86_64-debian-gcc, r-devel-windows-x86_64
These binaries (installable software) and packages are in development.
They may not be fully stable and should be used with caution. We make no claims about them.