CRAN Package Check Results for Package Rsomoclu

Last updated on 2025-05-21 21:49:29 CEST.

Flavor Version Tinstall Tcheck Ttotal Status Flags
r-devel-linux-x86_64-debian-clang 1.7.6 13.30 40.86 54.16 NOTE
r-devel-linux-x86_64-debian-gcc 1.7.6 8.53 29.37 37.90 NOTE
r-devel-linux-x86_64-fedora-clang 1.7.6 94.30 NOTE
r-devel-linux-x86_64-fedora-gcc 1.7.6 88.13 NOTE
r-devel-windows-x86_64 1.7.6 21.00 80.00 101.00 NOTE
r-patched-linux-x86_64 1.7.6 12.84 37.30 50.14 NOTE
r-release-linux-x86_64 1.7.6 12.98 37.77 50.75 NOTE
r-release-macos-arm64 1.7.6 32.00 NOTE
r-release-macos-x86_64 1.7.6 75.00 NOTE
r-release-windows-x86_64 1.7.6 21.00 101.00 122.00 NOTE
r-oldrel-macos-arm64 1.7.6 31.00 NOTE
r-oldrel-macos-x86_64 1.7.6 42.00 NOTE
r-oldrel-windows-x86_64 1.7.6 23.00 93.00 116.00 NOTE

Check Details

Version: 1.7.6
Check: C++ specification
Result: NOTE Specified C++11: please drop specification unless essential Flavors: r-devel-linux-x86_64-debian-clang, r-devel-linux-x86_64-debian-gcc, r-devel-linux-x86_64-fedora-clang, r-devel-linux-x86_64-fedora-gcc, r-devel-windows-x86_64, r-patched-linux-x86_64, r-release-linux-x86_64, r-release-macos-arm64, r-release-macos-x86_64, r-release-windows-x86_64, r-oldrel-macos-arm64, r-oldrel-macos-x86_64, r-oldrel-windows-x86_64

These binaries (installable software) and packages are in development.
They may not be fully stable and should be used with caution. We make no claims about them.