Last updated on 2025-11-16 05:48:50 CET.
| Flavor | Version | Tinstall | Tcheck | Ttotal | Status | Flags |
|---|---|---|---|---|---|---|
| r-devel-linux-x86_64-debian-clang | 1.7.6 | 14.05 | 42.15 | 56.20 | NOTE | |
| r-devel-linux-x86_64-debian-gcc | 1.7.6 | 9.27 | 30.75 | 40.02 | NOTE | |
| r-devel-linux-x86_64-fedora-clang | 1.7.6 | 35.00 | 57.85 | 92.85 | NOTE | |
| r-devel-linux-x86_64-fedora-gcc | 1.7.6 | 30.00 | 51.27 | 81.27 | NOTE | |
| r-devel-windows-x86_64 | 1.7.6 | 24.00 | 77.00 | 101.00 | NOTE | |
| r-patched-linux-x86_64 | 1.7.6 | 13.26 | 38.48 | 51.74 | NOTE | |
| r-release-linux-x86_64 | 1.7.6 | 12.80 | 38.96 | 51.76 | NOTE | |
| r-release-macos-arm64 | 1.7.6 | 6.00 | 26.00 | 32.00 | NOTE | |
| r-release-macos-x86_64 | 1.7.6 | 13.00 | 62.00 | 75.00 | NOTE | |
| r-release-windows-x86_64 | 1.7.6 | 21.00 | 74.00 | 95.00 | NOTE | |
| r-oldrel-macos-arm64 | 1.7.6 | 7.00 | 24.00 | 31.00 | NOTE | |
| r-oldrel-macos-x86_64 | 1.7.6 | 7.00 | 35.00 | 42.00 | NOTE | |
| r-oldrel-windows-x86_64 | 1.7.6 | 24.00 | 111.00 | 135.00 | NOTE |
Version: 1.7.6
Check: C++ specification
Result: NOTE
Specified C++11: please drop specification unless essential
Flavors: r-devel-linux-x86_64-debian-clang, r-devel-linux-x86_64-debian-gcc, r-devel-linux-x86_64-fedora-clang, r-devel-linux-x86_64-fedora-gcc, r-devel-windows-x86_64, r-patched-linux-x86_64, r-release-linux-x86_64, r-release-macos-arm64, r-release-macos-x86_64, r-release-windows-x86_64, r-oldrel-macos-arm64, r-oldrel-macos-x86_64, r-oldrel-windows-x86_64
These binaries (installable software) and packages are in development.
They may not be fully stable and should be used with caution. We make no claims about them.