Last updated on 2024-07-27 15:50:32 CEST.
Flavor | Version | Tinstall | Tcheck | Ttotal | Status | Flags |
---|---|---|---|---|---|---|
r-devel-linux-x86_64-debian-clang | 1.7.6 | 16.00 | 50.34 | 66.34 | NOTE | |
r-devel-linux-x86_64-debian-gcc | 1.7.6 | NOTE | ||||
r-devel-linux-x86_64-fedora-clang | 1.7.6 | 108.40 | NOTE | |||
r-devel-linux-x86_64-fedora-gcc | 1.7.6 | 84.81 | NOTE | |||
r-devel-windows-x86_64 | 1.7.6 | 21.00 | 87.00 | 108.00 | NOTE | |
r-patched-linux-x86_64 | 1.7.6 | NOTE | ||||
r-release-linux-x86_64 | 1.7.6 | 16.06 | 47.51 | 63.57 | NOTE | |
r-release-macos-arm64 | 1.7.6 | 31.00 | NOTE | |||
r-release-macos-x86_64 | 1.7.6 | 42.00 | NOTE | |||
r-release-windows-x86_64 | 1.7.6 | 25.00 | 79.00 | 104.00 | NOTE | |
r-oldrel-macos-arm64 | 1.7.6 | 32.00 | NOTE | |||
r-oldrel-macos-x86_64 | 1.7.6 | 56.00 | NOTE | |||
r-oldrel-windows-x86_64 | 1.7.6 | 24.00 | 99.00 | 123.00 | NOTE |
Version: 1.7.6
Check: C++ specification
Result: NOTE
Specified C++11: please drop specification unless essential
Flavors: r-devel-linux-x86_64-debian-clang, r-devel-linux-x86_64-debian-gcc, r-devel-linux-x86_64-fedora-clang, r-devel-linux-x86_64-fedora-gcc, r-devel-windows-x86_64, r-patched-linux-x86_64, r-release-linux-x86_64, r-release-macos-arm64, r-release-macos-x86_64, r-release-windows-x86_64, r-oldrel-macos-arm64, r-oldrel-macos-x86_64, r-oldrel-windows-x86_64
These binaries (installable software) and packages are in development.
They may not be fully stable and should be used with caution. We make no claims about them.