CRAN Package Check Results for Package Rsubbotools

Last updated on 2025-05-08 04:52:17 CEST.

Flavor Version Tinstall Tcheck Ttotal Status Flags
r-devel-linux-x86_64-debian-clang 0.0.0.9 83.57 36.51 120.08 OK
r-devel-linux-x86_64-debian-gcc 0.0.0.9 63.96 28.63 92.59 OK
r-devel-linux-x86_64-fedora-clang 0.0.0.9 232.95 OK
r-devel-linux-x86_64-fedora-gcc 0.0.0.9 257.01 OK
r-devel-windows-x86_64 0.0.0.9 91.00 92.00 183.00 OK
r-patched-linux-x86_64 0.0.0.9 92.05 34.94 126.99 OK
r-release-linux-x86_64 0.0.0.9 92.40 35.15 127.55 OK
r-release-macos-arm64 0.0.0.9 55.00 OK
r-release-macos-x86_64 0.0.0.9 67.00 OK
r-release-windows-x86_64 0.0.0.9 97.00 85.00 182.00 OK
r-oldrel-macos-arm64 0.0.0.9 53.00 NOTE
r-oldrel-macos-x86_64 0.0.0.9 63.00 NOTE
r-oldrel-windows-x86_64 0.0.0.9 84.00 103.00 187.00 OK

Check Details

Version: 0.0.0.9
Check: installed package size
Result: NOTE installed size is 7.5Mb sub-directories of 1Mb or more: libs 7.3Mb Flavors: r-oldrel-macos-arm64, r-oldrel-macos-x86_64

These binaries (installable software) and packages are in development.
They may not be fully stable and should be used with caution. We make no claims about them.