Last updated on 2025-07-04 17:54:45 CEST.
Flavor | Version | Tinstall | Tcheck | Ttotal | Status | Flags |
---|---|---|---|---|---|---|
r-devel-linux-x86_64-debian-clang | 3.2 | 8.63 | 70.89 | 79.52 | NOTE | |
r-devel-linux-x86_64-debian-gcc | 3.2 | 5.91 | 51.26 | 57.17 | NOTE | |
r-devel-linux-x86_64-fedora-clang | 3.2 | 124.04 | OK | |||
r-devel-linux-x86_64-fedora-gcc | 3.2 | 115.58 | OK | |||
r-devel-windows-x86_64 | 3.2 | 9.00 | 82.00 | 91.00 | OK | |
r-patched-linux-x86_64 | 3.2 | 9.46 | 66.17 | 75.63 | OK | |
r-release-linux-x86_64 | 3.2 | 8.58 | 66.36 | 74.94 | OK | |
r-release-macos-arm64 | 3.2 | 41.00 | OK | |||
r-release-macos-x86_64 | 3.2 | 62.00 | OK | |||
r-release-windows-x86_64 | 3.2 | 10.00 | 84.00 | 94.00 | OK | |
r-oldrel-macos-arm64 | 3.2 | 34.00 | OK | |||
r-oldrel-macos-x86_64 | 3.2 | 52.00 | OK | |||
r-oldrel-windows-x86_64 | 3.2 | 14.00 | 100.00 | 114.00 | OK |
Version: 3.2
Check: CRAN incoming feasibility
Result: NOTE
Maintainer: ‘Layla Parast <parast@austin.utexas.edu>’
No Authors@R field in DESCRIPTION.
Please add one, modifying
Authors@R: person(given = "Layla",
family = "Parast",
role = c("aut", "cre"),
email = "parast@austin.utexas.edu")
as necessary.
Flavors: r-devel-linux-x86_64-debian-clang, r-devel-linux-x86_64-debian-gcc
These binaries (installable software) and packages are in development.
They may not be fully stable and should be used with caution. We make no claims about them.