Last updated on 2025-05-01 15:49:43 CEST.
Flavor | Version | Tinstall | Tcheck | Ttotal | Status | Flags |
---|---|---|---|---|---|---|
r-devel-linux-x86_64-debian-clang | 3.2 | 8.87 | 69.56 | 78.43 | NOTE | |
r-devel-linux-x86_64-debian-gcc | 3.2 | 6.68 | 50.17 | 56.85 | NOTE | |
r-devel-linux-x86_64-fedora-clang | 3.2 | 120.12 | OK | |||
r-devel-linux-x86_64-fedora-gcc | 3.2 | 116.28 | OK | |||
r-devel-windows-x86_64 | 3.2 | 9.00 | 87.00 | 96.00 | OK | |
r-patched-linux-x86_64 | 3.2 | 9.72 | 65.86 | 75.58 | OK | |
r-release-linux-x86_64 | OK | |||||
r-release-macos-arm64 | 3.2 | 41.00 | OK | |||
r-release-macos-x86_64 | 3.2 | 62.00 | OK | |||
r-release-windows-x86_64 | 3.2 | 10.00 | 91.00 | 101.00 | OK | |
r-oldrel-macos-arm64 | 3.2 | 34.00 | OK | |||
r-oldrel-macos-x86_64 | 3.2 | 52.00 | OK | |||
r-oldrel-windows-x86_64 | 3.2 | 12.00 | 105.00 | 117.00 | OK |
Version: 3.2
Check: CRAN incoming feasibility
Result: NOTE
Maintainer: ‘Layla Parast <parast@austin.utexas.edu>’
No Authors@R field in DESCRIPTION.
Please add one, modifying
Authors@R: person(given = "Layla",
family = "Parast",
role = c("aut", "cre"),
email = "parast@austin.utexas.edu")
as necessary.
Flavors: r-devel-linux-x86_64-debian-clang, r-devel-linux-x86_64-debian-gcc
These binaries (installable software) and packages are in development.
They may not be fully stable and should be used with caution. We make no claims about them.