CRAN Package Check Results for Package Rtapas

Last updated on 2025-05-01 21:53:17 CEST.

Flavor Version Tinstall Tcheck Ttotal Status Flags
r-devel-linux-x86_64-debian-clang 1.2 11.91 89.88 101.79 NOTE
r-devel-linux-x86_64-debian-gcc 1.2 8.26 65.28 73.54 OK
r-devel-linux-x86_64-fedora-clang 1.2 156.12 OK
r-devel-linux-x86_64-fedora-gcc 1.2 152.54 OK
r-devel-windows-x86_64 1.2 14.00 108.00 122.00 OK
r-patched-linux-x86_64 1.2 11.57 85.00 96.57 OK
r-release-linux-x86_64 OK
r-release-macos-arm64 1.2 50.00 OK
r-release-macos-x86_64 1.2 105.00 OK
r-release-windows-x86_64 1.2 13.00 107.00 120.00 OK
r-oldrel-macos-arm64 1.2 53.00 OK
r-oldrel-macos-x86_64 1.2 146.00 OK
r-oldrel-windows-x86_64 1.2 15.00 128.00 143.00 OK

Additional issues

donttest

Check Details

Version: 1.2
Check: examples
Result: NOTE Examples with CPU (user + system) or elapsed time > 5s user system elapsed tangle_gram 1.805 0.156 7.102 Flavor: r-devel-linux-x86_64-debian-clang

These binaries (installable software) and packages are in development.
They may not be fully stable and should be used with caution. We make no claims about them.