Last updated on 2025-10-23 15:50:10 CEST.
Flavor | Version | Tinstall | Tcheck | Ttotal | Status | Flags |
---|---|---|---|---|---|---|
r-devel-linux-x86_64-debian-clang | 2.0.4 | 58.74 | 280.09 | 338.83 | OK | |
r-devel-linux-x86_64-debian-gcc | 2.0.4 | 37.97 | 166.41 | 204.38 | OK | |
r-devel-linux-x86_64-fedora-clang | 2.0.4 | 414.00 | 168.72 | 582.72 | OK | |
r-devel-linux-x86_64-fedora-gcc | 2.0.4 | 132.00 | 398.67 | 530.67 | OK | |
r-devel-windows-x86_64 | 2.0.4 | 57.00 | 203.00 | 260.00 | OK | |
r-patched-linux-x86_64 | 2.0.4 | 58.99 | 257.99 | 316.98 | OK | |
r-release-linux-x86_64 | 2.0.4 | 51.62 | 259.58 | 311.20 | OK | |
r-release-macos-arm64 | 2.0.4 | 29.00 | 83.00 | 112.00 | OK | |
r-release-macos-x86_64 | 2.0.4 | 67.00 | 132.00 | 199.00 | OK | |
r-release-windows-x86_64 | 2.0.4 | 56.00 | 207.00 | 263.00 | OK | |
r-oldrel-macos-arm64 | 2.0.4 | 31.00 | 89.00 | 120.00 | NOTE | |
r-oldrel-macos-x86_64 | 2.0.4 | 51.00 | 184.00 | 235.00 | NOTE | |
r-oldrel-windows-x86_64 | 2.0.4 | 75.00 | 297.00 | 372.00 | NOTE |
Version: 2.0.4
Check: installed package size
Result: NOTE
installed size is 6.2Mb
sub-directories of 1Mb or more:
R 6.0Mb
Flavors: r-oldrel-macos-arm64, r-oldrel-macos-x86_64, r-oldrel-windows-x86_64
These binaries (installable software) and packages are in development.
They may not be fully stable and should be used with caution. We make no claims about them.