Last updated on 2025-02-16 10:50:57 CET.
Flavor | Version | Tinstall | Tcheck | Ttotal | Status | Flags |
---|---|---|---|---|---|---|
r-devel-linux-x86_64-debian-clang | 2.0.3 | 54.72 | 262.41 | 317.13 | OK | |
r-devel-linux-x86_64-debian-gcc | 2.0.3 | 42.08 | 157.53 | 199.61 | OK | |
r-devel-linux-x86_64-fedora-clang | 2.0.3 | 541.67 | OK | |||
r-devel-linux-x86_64-fedora-gcc | 2.0.3 | 479.07 | OK | |||
r-devel-macos-arm64 | 2.0.3 | 133.00 | OK | |||
r-devel-macos-x86_64 | 2.0.3 | 245.00 | OK | |||
r-devel-windows-x86_64 | 2.0.3 | 54.00 | 196.00 | 250.00 | OK | |
r-patched-linux-x86_64 | 2.0.3 | 54.16 | 239.05 | 293.21 | OK | |
r-release-linux-x86_64 | 2.0.3 | 52.07 | 235.93 | 288.00 | OK | |
r-release-macos-arm64 | 2.0.3 | 115.00 | NOTE | |||
r-release-macos-x86_64 | 2.0.3 | 180.00 | NOTE | |||
r-release-windows-x86_64 | 2.0.3 | 52.00 | 196.00 | 248.00 | NOTE | |
r-oldrel-macos-arm64 | 2.0.3 | 118.00 | NOTE | |||
r-oldrel-macos-x86_64 | 2.0.3 | 254.00 | NOTE | |||
r-oldrel-windows-x86_64 | 2.0.3 | 74.00 | 305.00 | 379.00 | NOTE |
Version: 2.0.3
Check: installed package size
Result: NOTE
installed size is 6.2Mb
sub-directories of 1Mb or more:
R 6.0Mb
Flavors: r-release-macos-arm64, r-release-macos-x86_64, r-release-windows-x86_64, r-oldrel-macos-arm64, r-oldrel-macos-x86_64, r-oldrel-windows-x86_64
These binaries (installable software) and packages are in development.
They may not be fully stable and should be used with caution. We make no claims about them.