Last updated on 2025-05-01 21:53:17 CEST.
Flavor | Version | Tinstall | Tcheck | Ttotal | Status | Flags |
---|---|---|---|---|---|---|
r-devel-linux-x86_64-debian-clang | 1.2.1 | 17.27 | 180.76 | 198.03 | NOTE | |
r-devel-linux-x86_64-debian-gcc | 1.2.1 | 12.27 | 129.68 | 141.95 | NOTE | |
r-devel-linux-x86_64-fedora-clang | 1.2.1 | 306.92 | OK | |||
r-devel-linux-x86_64-fedora-gcc | 1.2.1 | 295.96 | OK | |||
r-devel-windows-x86_64 | 1.2.1 | 17.00 | 516.00 | 533.00 | OK | |
r-patched-linux-x86_64 | 1.2.1 | 14.51 | 169.86 | 184.37 | OK | |
r-release-linux-x86_64 | OK | |||||
r-release-macos-arm64 | 1.2.1 | 230.00 | OK | |||
r-release-macos-x86_64 | 1.2.1 | 479.00 | OK | |||
r-release-windows-x86_64 | 1.2.1 | 17.00 | 408.00 | 425.00 | OK | |
r-oldrel-macos-arm64 | 1.2.1 | 201.00 | OK | |||
r-oldrel-macos-x86_64 | 1.2.1 | 337.00 | OK | |||
r-oldrel-windows-x86_64 | 1.2.1 | 21.00 | 551.00 | 572.00 | OK |
Version: 1.2.1
Check: CRAN incoming feasibility
Result: NOTE
Maintainer: ‘Houjie Wang <wanghoujie6688@gmail.com>’
The Description field contains
Wang, H. & Yoshida, R. (2020) <arXiv:2003.00677>. Details about
Please refer to arXiv e-prints via their arXiv DOI <doi:10.48550/arXiv.YYMM.NNNNN>.
Flavors: r-devel-linux-x86_64-debian-clang, r-devel-linux-x86_64-debian-gcc
These binaries (installable software) and packages are in development.
They may not be fully stable and should be used with caution. We make no claims about them.