Last updated on 2025-02-16 10:50:57 CET.
Flavor | Version | Tinstall | Tcheck | Ttotal | Status | Flags |
---|---|---|---|---|---|---|
r-devel-linux-x86_64-debian-clang | 1.0.0 | 13.50 | 201.75 | 215.25 | OK | |
r-devel-linux-x86_64-debian-gcc | 1.0.0 | 9.13 | 131.12 | 140.25 | OK | |
r-devel-linux-x86_64-fedora-clang | 1.0.0 | 367.44 | OK | |||
r-devel-linux-x86_64-fedora-gcc | 1.0.0 | 352.06 | OK | |||
r-devel-macos-arm64 | 1.0.0 | 66.00 | ERROR | |||
r-devel-macos-x86_64 | 1.0.0 | 221.00 | ERROR | |||
r-devel-windows-x86_64 | 1.0.0 | 15.00 | 253.00 | 268.00 | OK | |
r-patched-linux-x86_64 | 1.0.0 | 13.18 | 186.77 | 199.95 | OK | |
r-release-linux-x86_64 | 1.0.0 | 13.06 | 184.46 | 197.52 | OK | |
r-release-macos-arm64 | 1.0.0 | 78.00 | ERROR | |||
r-release-macos-x86_64 | 1.0.0 | 124.00 | ERROR | |||
r-release-windows-x86_64 | 1.0.0 | 16.00 | 252.00 | 268.00 | OK | |
r-oldrel-macos-arm64 | 1.0.0 | 70.00 | ERROR | |||
r-oldrel-macos-x86_64 | 1.0.0 | 125.00 | ERROR | |||
r-oldrel-windows-x86_64 | 1.0.0 | 19.00 | 336.00 | 355.00 | OK |
Version: 1.0.0
Check: examples
Result: ERROR
Running examples in ‘RtsEva-Ex.R’ failed
The error most likely occurred in:
> ### Name: tsEstimateAverageSeasonality
> ### Title: Estimate Average Seasonality
> ### Aliases: tsEstimateAverageSeasonality
>
> ### ** Examples
>
> timeAndSeries <- ArdecheStMartin
> timeStamps <- ArdecheStMartin[,1]
> series <- ArdecheStMartin[,2]
> timeWindow <- 30*365 # 30 years
> rs <- tsEvaDetrendTimeSeries(timeStamps, series, timeWindow)
> nRunMn <- rs@nRunMn
> cat("computing trend seasonality ...\n")
computing trend seasonality ...
> seasonalitySeries <- rs@detrendSeries
> result <- tsEstimateAverageSeasonality(timeStamps, seasonalitySeries, timeWindow=rs@nRunMn)
Warning in pracma::interp1(avgTmStamp, monthAvgVec, timeStampsN, method = "spline") :
Points in argument in 'x' unsorted; will be sorted.
Warning in pracma::interp1(avgTmStamp, monthAvgVex, timeStampsN, method = "spline") :
Points in argument in 'x' unsorted; will be sorted.
> plot(result$regime, type = "l", xlab = "Day", ylab = "Regime", main = "Estimated Regime")
Warning in min(x) : no non-missing arguments to min; returning Inf
Warning in max(x) : no non-missing arguments to max; returning -Inf
Error in plot.window(...) : need finite 'ylim' values
Calls: plot -> plot.default -> localWindow -> plot.window
Execution halted
Flavors: r-devel-macos-arm64, r-devel-macos-x86_64, r-release-macos-arm64, r-release-macos-x86_64, r-oldrel-macos-arm64, r-oldrel-macos-x86_64
These binaries (installable software) and packages are in development.
They may not be fully stable and should be used with caution. We make no claims about them.