Last updated on 2024-07-27 15:50:32 CEST.
Flavor | Version | Tinstall | Tcheck | Ttotal | Status | Flags |
---|---|---|---|---|---|---|
r-devel-linux-x86_64-debian-clang | 1.8.0 | 2.87 | 26.75 | 29.62 | NOTE | |
r-devel-linux-x86_64-debian-gcc | 1.8.0 | NOTE | ||||
r-devel-linux-x86_64-fedora-clang | 1.8.0 | 37.47 | NOTE | |||
r-devel-linux-x86_64-fedora-gcc | 1.8.0 | 35.76 | NOTE | |||
r-devel-windows-x86_64 | 1.8.0 | 3.00 | 46.00 | 49.00 | OK | |
r-patched-linux-x86_64 | 1.8.0 | NOTE | ||||
r-release-linux-x86_64 | 1.8.0 | 2.89 | 26.41 | 29.30 | NOTE | |
r-release-macos-arm64 | 1.8.0 | 18.00 | OK | |||
r-release-macos-x86_64 | 1.8.0 | 23.00 | OK | |||
r-release-windows-x86_64 | 1.8.0 | 3.00 | 45.00 | 48.00 | OK | |
r-oldrel-macos-arm64 | 1.8.0 | 19.00 | OK | |||
r-oldrel-macos-x86_64 | 1.8.0 | 22.00 | OK | |||
r-oldrel-windows-x86_64 | 1.8.0 | 3.00 | 43.00 | 46.00 | OK |
Version: 1.8.0
Check: for non-standard things in the check directory
Result: NOTE
Found the following files/directories:
‘Tsttwalk.dat’
Flavors: r-devel-linux-x86_64-debian-clang, r-devel-linux-x86_64-debian-gcc, r-devel-linux-x86_64-fedora-clang, r-devel-linux-x86_64-fedora-gcc, r-patched-linux-x86_64, r-release-linux-x86_64
These binaries (installable software) and packages are in development.
They may not be fully stable and should be used with caution. We make no claims about them.