CRAN Package Check Results for Package Rtwobitlib

Last updated on 2025-10-27 13:50:17 CET.

Flavor Version Tinstall Tcheck Ttotal Status Flags
r-devel-linux-x86_64-debian-clang 0.3.10 9.10 24.43 33.53 OK
r-devel-linux-x86_64-debian-gcc 0.3.10 6.99 20.09 27.08 OK
r-devel-linux-x86_64-fedora-clang 0.3.10 20.00 32.60 52.60 OK
r-devel-linux-x86_64-fedora-gcc 0.3.10 21.00 45.63 66.63 OK
r-devel-windows-x86_64 0.3.10 27.00 56.00 83.00 OK
r-patched-linux-x86_64 0.3.10 8.79 23.10 31.89 OK
r-release-linux-x86_64 0.3.10 8.73 23.22 31.95 OK
r-release-macos-arm64 0.3.10 6.00 52.00 58.00 OK
r-release-macos-x86_64 0.3.10 10.00 46.00 56.00 OK
r-release-windows-x86_64 0.3.10 28.00 51.00 79.00 OK
r-oldrel-macos-arm64 0.3.10 7.00 49.00 56.00 NOTE
r-oldrel-macos-x86_64 0.3.10 10.00 48.00 58.00 NOTE
r-oldrel-windows-x86_64 0.3.10 31.00 57.00 88.00 NOTE

Additional issues

rchk

Check Details

Version: 0.3.10
Check: for GNU extensions in Makefiles
Result: NOTE GNU make is a SystemRequirements. Flavors: r-oldrel-macos-arm64, r-oldrel-macos-x86_64, r-oldrel-windows-x86_64

These binaries (installable software) and packages are in development.
They may not be fully stable and should be used with caution. We make no claims about them.