Last updated on 2024-07-27 15:50:32 CEST.
Flavor | Version | Tinstall | Tcheck | Ttotal | Status | Flags |
---|---|---|---|---|---|---|
r-devel-linux-x86_64-debian-clang | 0.3.6 | 11.20 | 27.92 | 39.12 | NOTE | |
r-devel-linux-x86_64-debian-gcc | 0.3.6 | NOTE | ||||
r-devel-linux-x86_64-fedora-clang | 0.3.6 | 51.84 | NOTE | |||
r-devel-linux-x86_64-fedora-gcc | 0.3.6 | 64.70 | NOTE | |||
r-devel-windows-x86_64 | 0.3.6 | 27.00 | 51.00 | 78.00 | NOTE | |
r-patched-linux-x86_64 | 0.3.6 | NOTE | ||||
r-release-linux-x86_64 | 0.3.6 | 9.05 | 27.61 | 36.66 | NOTE | |
r-release-macos-arm64 | 0.3.6 | 30.00 | NOTE | |||
r-release-macos-x86_64 | 0.3.6 | 38.00 | NOTE | |||
r-release-windows-x86_64 | 0.3.6 | 32.00 | 50.00 | 82.00 | NOTE | |
r-oldrel-macos-arm64 | 0.3.6 | 35.00 | NOTE | |||
r-oldrel-macos-x86_64 | 0.3.6 | 60.00 | NOTE | |||
r-oldrel-windows-x86_64 | 0.3.6 | 29.00 | 53.00 | 82.00 | NOTE |
Version: 0.3.6
Check: for GNU extensions in Makefiles
Result: NOTE
GNU make is a SystemRequirements.
Flavors: r-devel-linux-x86_64-debian-clang, r-devel-linux-x86_64-debian-gcc, r-devel-linux-x86_64-fedora-clang, r-devel-linux-x86_64-fedora-gcc, r-devel-windows-x86_64, r-patched-linux-x86_64, r-release-linux-x86_64, r-release-macos-arm64, r-release-macos-x86_64, r-release-windows-x86_64, r-oldrel-macos-arm64, r-oldrel-macos-x86_64, r-oldrel-windows-x86_64
These binaries (installable software) and packages are in development.
They may not be fully stable and should be used with caution. We make no claims about them.