CRAN Package Check Results for Package Rvcg

Last updated on 2025-07-22 19:52:00 CEST.

Flavor Version Tinstall Tcheck Ttotal Status Flags
r-devel-linux-x86_64-debian-clang 0.25 545.50 43.65 589.15 OK
r-devel-linux-x86_64-debian-gcc 0.25 414.50 41.96 456.46 OK
r-devel-linux-x86_64-fedora-clang 0.25 1143.05 OK
r-devel-linux-x86_64-fedora-gcc 0.25 1159.47 OK
r-devel-windows-x86_64 0.25 603.00 123.00 726.00 OK
r-patched-linux-x86_64 0.25 582.58 53.71 636.29 OK
r-release-linux-x86_64 0.25 569.38 53.47 622.85 OK
r-release-macos-arm64 0.25 233.00 OK
r-release-macos-x86_64 0.25 221.00 OK
r-release-windows-x86_64 0.25 601.00 120.00 721.00 OK
r-oldrel-macos-arm64 0.25 212.00 NOTE
r-oldrel-macos-x86_64 0.25 245.00 NOTE
r-oldrel-windows-x86_64 0.25 729.00 139.00 868.00 OK

Check Details

Version: 0.25
Check: installed package size
Result: NOTE installed size is 48.4Mb sub-directories of 1Mb or more: libs 47.2Mb Flavors: r-oldrel-macos-arm64, r-oldrel-macos-x86_64

These binaries (installable software) and packages are in development.
They may not be fully stable and should be used with caution. We make no claims about them.