CRAN Package Check Results for Package Rvcg

Last updated on 2025-05-08 04:52:17 CEST.

Flavor Version Tinstall Tcheck Ttotal Status Flags
r-devel-linux-x86_64-debian-clang 0.25 541.36 43.48 584.84 OK
r-devel-linux-x86_64-debian-gcc 0.25 415.82 41.64 457.46 OK
r-devel-linux-x86_64-fedora-clang 0.25 1148.98 OK
r-devel-linux-x86_64-fedora-gcc 0.25 1402.43 OK
r-devel-windows-x86_64 0.25 617.00 121.00 738.00 OK
r-patched-linux-x86_64 0.25 577.20 53.21 630.41 OK
r-release-linux-x86_64 0.25 567.97 53.09 621.06 OK
r-release-macos-arm64 0.25 233.00 OK
r-release-macos-x86_64 0.25 221.00 OK
r-release-windows-x86_64 0.25 610.00 130.00 740.00 OK
r-oldrel-macos-arm64 0.25 212.00 NOTE
r-oldrel-macos-x86_64 0.25 245.00 NOTE
r-oldrel-windows-x86_64 0.25 720.00 141.00 861.00 OK

Check Details

Version: 0.25
Check: installed package size
Result: NOTE installed size is 48.4Mb sub-directories of 1Mb or more: libs 47.2Mb Flavors: r-oldrel-macos-arm64, r-oldrel-macos-x86_64

These binaries (installable software) and packages are in development.
They may not be fully stable and should be used with caution. We make no claims about them.