Last updated on 2025-07-01 17:55:29 CEST.
Flavor | Version | Tinstall | Tcheck | Ttotal | Status | Flags |
---|---|---|---|---|---|---|
r-devel-linux-x86_64-debian-clang | 1.0.16 | 2.93 | 24.85 | 27.78 | NOTE | |
r-devel-linux-x86_64-debian-gcc | 1.0.16 | 1.65 | 20.30 | 21.95 | NOTE | |
r-devel-linux-x86_64-fedora-clang | 1.0.16 | 43.98 | OK | |||
r-devel-linux-x86_64-fedora-gcc | 1.0.16 | 39.64 | OK | |||
r-devel-windows-x86_64 | 1.0.16 | 4.00 | 46.00 | 50.00 | OK | |
r-patched-linux-x86_64 | OK | |||||
r-release-linux-x86_64 | 1.0.16 | 2.83 | 22.48 | 25.31 | OK | |
r-release-macos-arm64 | 1.0.16 | 30.00 | OK | |||
r-release-macos-x86_64 | 1.0.16 | 40.00 | OK | |||
r-release-windows-x86_64 | 1.0.16 | 4.00 | 46.00 | 50.00 | OK | |
r-oldrel-macos-arm64 | 1.0.16 | 29.00 | OK | |||
r-oldrel-macos-x86_64 | 1.0.16 | 30.00 | OK | |||
r-oldrel-windows-x86_64 | 1.0.16 | 4.00 | 53.00 | 57.00 | OK |
Version: 1.0.16
Check: CRAN incoming feasibility
Result: NOTE
Maintainer: ‘Brad Cable <brad@bcable.net>’
No Authors@R field in DESCRIPTION.
Please add one, modifying
Authors@R: person(given = "Brad",
family = "Cable",
role = c("aut", "cre"),
email = "brad@bcable.net")
as necessary.
Flavors: r-devel-linux-x86_64-debian-clang, r-devel-linux-x86_64-debian-gcc
These binaries (installable software) and packages are in development.
They may not be fully stable and should be used with caution. We make no claims about them.