CRAN Package Check Results for Package Rwofost

Last updated on 2025-05-03 22:50:08 CEST.

Flavor Version Tinstall Tcheck Ttotal Status Flags
r-devel-linux-x86_64-debian-clang 0.8-3 52.59 52.40 104.99 NOTE
r-devel-linux-x86_64-debian-gcc 0.8-3 43.15 36.64 79.79 NOTE
r-devel-linux-x86_64-fedora-clang 0.8-3 193.28 NOTE
r-devel-linux-x86_64-fedora-gcc 0.8-3 215.56 NOTE
r-devel-windows-x86_64 0.8-3 63.00 94.00 157.00 NOTE
r-patched-linux-x86_64 0.8-3 60.36 49.84 110.20 NOTE
r-release-linux-x86_64 NOTE
r-release-macos-arm64 0.8-3 48.00 NOTE
r-release-macos-x86_64 0.8-3 81.00 NOTE
r-release-windows-x86_64 0.8-3 60.00 98.00 158.00 NOTE
r-oldrel-macos-arm64 0.8-3 48.00 NOTE
r-oldrel-macos-x86_64 0.8-3 69.00 NOTE
r-oldrel-windows-x86_64 0.8-3 74.00 115.00 189.00 NOTE

Check Details

Version: 0.8-3
Check: C++ specification
Result: NOTE Specified C++11: please drop specification unless essential Flavors: r-devel-linux-x86_64-debian-clang, r-devel-linux-x86_64-debian-gcc, r-devel-linux-x86_64-fedora-clang, r-devel-linux-x86_64-fedora-gcc, r-devel-windows-x86_64, r-patched-linux-x86_64, r-release-linux-x86_64, r-release-macos-arm64, r-release-macos-x86_64, r-release-windows-x86_64, r-oldrel-macos-arm64, r-oldrel-macos-x86_64, r-oldrel-windows-x86_64

Version: 0.8-3
Check: installed package size
Result: NOTE installed size is 10.3Mb sub-directories of 1Mb or more: libs 9.3Mb Flavors: r-oldrel-macos-arm64, r-oldrel-macos-x86_64

These binaries (installable software) and packages are in development.
They may not be fully stable and should be used with caution. We make no claims about them.