Last updated on 2025-10-23 21:51:40 CEST.
Flavor | Version | Tinstall | Tcheck | Ttotal | Status | Flags |
---|---|---|---|---|---|---|
r-devel-linux-x86_64-debian-clang | 0.8-3 | 51.76 | 54.20 | 105.96 | NOTE | |
r-devel-linux-x86_64-debian-gcc | 0.8-3 | 41.17 | 37.64 | 78.81 | NOTE | |
r-devel-linux-x86_64-fedora-clang | 0.8-3 | 317.00 | -102.98 | 214.02 | NOTE | |
r-devel-linux-x86_64-fedora-gcc | 0.8-3 | 139.00 | 58.51 | 197.51 | NOTE | |
r-devel-windows-x86_64 | 0.8-3 | 61.00 | 94.00 | 155.00 | NOTE | |
r-patched-linux-x86_64 | 0.8-3 | 60.18 | 52.15 | 112.33 | NOTE | |
r-release-linux-x86_64 | 0.8-3 | 59.07 | 51.44 | 110.51 | NOTE | |
r-release-macos-arm64 | 0.8-3 | 21.00 | 27.00 | 48.00 | NOTE | |
r-release-macos-x86_64 | 0.8-3 | 29.00 | 52.00 | 81.00 | NOTE | |
r-release-windows-x86_64 | 0.8-3 | 62.00 | 102.00 | 164.00 | NOTE | |
r-oldrel-macos-arm64 | 0.8-3 | 22.00 | 26.00 | 48.00 | NOTE | |
r-oldrel-macos-x86_64 | 0.8-3 | 32.00 | 37.00 | 69.00 | NOTE | |
r-oldrel-windows-x86_64 | 0.8-3 | 53.00 | 116.00 | 169.00 | NOTE |
Version: 0.8-3
Check: C++ specification
Result: NOTE
Specified C++11: please drop specification unless essential
Flavors: r-devel-linux-x86_64-debian-clang, r-devel-linux-x86_64-debian-gcc, r-devel-linux-x86_64-fedora-clang, r-devel-linux-x86_64-fedora-gcc, r-devel-windows-x86_64, r-patched-linux-x86_64, r-release-linux-x86_64, r-release-macos-arm64, r-release-macos-x86_64, r-release-windows-x86_64, r-oldrel-macos-arm64, r-oldrel-macos-x86_64, r-oldrel-windows-x86_64
Version: 0.8-3
Check: installed package size
Result: NOTE
installed size is 10.3Mb
sub-directories of 1Mb or more:
libs 9.3Mb
Flavors: r-oldrel-macos-arm64, r-oldrel-macos-x86_64
These binaries (installable software) and packages are in development.
They may not be fully stable and should be used with caution. We make no claims about them.