Last updated on 2025-10-23 17:51:01 CEST.
Flavor | Version | Tinstall | Tcheck | Ttotal | Status | Flags |
---|---|---|---|---|---|---|
r-devel-linux-x86_64-debian-clang | 0.4.5 | 69.13 | 93.19 | 162.32 | NOTE | |
r-devel-linux-x86_64-debian-gcc | 0.4.5 | 50.58 | 66.39 | 116.97 | NOTE | |
r-devel-linux-x86_64-fedora-clang | 0.4.5 | 542.00 | -192.05 | 349.95 | NOTE | |
r-devel-linux-x86_64-fedora-gcc | 0.4.5 | 156.00 | 149.54 | 305.54 | NOTE | |
r-devel-windows-x86_64 | 0.4.5 | 95.00 | 139.00 | 234.00 | NOTE | |
r-patched-linux-x86_64 | 0.4.5 | 70.77 | 89.25 | 160.02 | NOTE | |
r-release-linux-x86_64 | 0.4.5 | 73.23 | 89.57 | 162.80 | NOTE | |
r-release-macos-arm64 | 0.4.5 | 31.00 | 54.00 | 85.00 | NOTE | |
r-release-macos-x86_64 | 0.4.5 | 36.00 | 148.00 | 184.00 | NOTE | |
r-release-windows-x86_64 | 0.4.5 | 97.00 | 137.00 | 234.00 | NOTE | |
r-oldrel-macos-arm64 | 0.4.5 | 30.00 | 57.00 | 87.00 | NOTE | |
r-oldrel-macos-x86_64 | 0.4.5 | 30.00 | 144.00 | 174.00 | NOTE | |
r-oldrel-windows-x86_64 | 0.4.5 | 112.00 | 182.00 | 294.00 | NOTE |
Version: 0.4.5
Check: C++ specification
Result: NOTE
Specified C++14: please drop specification unless essential
Flavors: r-devel-linux-x86_64-debian-clang, r-devel-linux-x86_64-debian-gcc, r-devel-linux-x86_64-fedora-clang, r-devel-linux-x86_64-fedora-gcc, r-devel-windows-x86_64, r-patched-linux-x86_64, r-release-linux-x86_64, r-release-macos-arm64, r-release-macos-x86_64, r-release-windows-x86_64, r-oldrel-macos-arm64, r-oldrel-macos-x86_64, r-oldrel-windows-x86_64
Version: 0.4.5
Check: HTML version of manual
Result: NOTE
Found the following HTML validation problems:
set_output_width.html:46:1 (set_output_width.Rd:10): Warning: missing </ul> before </div>
Flavor: r-devel-linux-x86_64-debian-clang
Version: 0.4.5
Check: installed package size
Result: NOTE
installed size is 9.4Mb
sub-directories of 1Mb or more:
libs 7.6Mb
yacas 1.3Mb
Flavors: r-oldrel-macos-arm64, r-oldrel-macos-x86_64
These binaries (installable software) and packages are in development.
They may not be fully stable and should be used with caution. We make no claims about them.