Last updated on 2024-07-27 15:50:33 CEST.
Flavor | Version | Tinstall | Tcheck | Ttotal | Status | Flags |
---|---|---|---|---|---|---|
r-devel-linux-x86_64-debian-clang | 0.1.1 | 5.28 | 112.98 | 118.26 | NOTE | |
r-devel-linux-x86_64-debian-gcc | 0.1.1 | NOTE | ||||
r-devel-linux-x86_64-fedora-clang | 0.1.1 | 137.19 | NOTE | |||
r-devel-linux-x86_64-fedora-gcc | 0.1.1 | 149.20 | NOTE | |||
r-devel-windows-x86_64 | 0.1.1 | 9.00 | 119.00 | 128.00 | NOTE | |
r-patched-linux-x86_64 | 0.1.1 | OK | ||||
r-release-linux-x86_64 | 0.1.1 | 4.97 | 105.28 | 110.25 | OK | |
r-release-macos-arm64 | 0.1.1 | 55.00 | OK | |||
r-release-macos-x86_64 | 0.1.1 | 103.00 | OK | |||
r-release-windows-x86_64 | 0.1.1 | 8.00 | 116.00 | 124.00 | OK | |
r-oldrel-macos-arm64 | 0.1.1 | 71.00 | OK | |||
r-oldrel-macos-x86_64 | 0.1.1 | 162.00 | OK | |||
r-oldrel-windows-x86_64 | 0.1.1 | 9.00 | 139.00 | 148.00 | WARN |
Version: 0.1.1
Check: compiled code
Result: NOTE
File ‘S7/libs/S7.so’:
Found non-API calls to R: ‘PRCODE’, ‘SET_PRVALUE’
Compiled code should not call non-API entry points in R.
See ‘Writing portable packages’ in the ‘Writing R Extensions’ manual,
and section ‘Moving into C API compliance’ for issues with the use of
non-API entry points.
Flavors: r-devel-linux-x86_64-debian-clang, r-devel-linux-x86_64-debian-gcc, r-devel-linux-x86_64-fedora-clang, r-devel-linux-x86_64-fedora-gcc
Version: 0.1.1
Check: compiled code
Result: NOTE
File 'S7/libs/x64/S7.dll':
Found non-API calls to R: 'PRCODE', 'SET_PRVALUE'
Compiled code should not call non-API entry points in R.
See 'Writing portable packages' in the 'Writing R Extensions' manual,
and section 'Moving into C API compliance' for issues with the use of
non-API entry points.
Flavor: r-devel-windows-x86_64
Version: 0.1.1
Check: S3 generic/method consistency
Result: WARN
matrixOps:
function(x, y)
matrixOps.S7_object:
function(e1, e2)
See section 'Generic functions and methods' in the 'Writing R
Extensions' manual.
Flavor: r-oldrel-windows-x86_64
These binaries (installable software) and packages are in development.
They may not be fully stable and should be used with caution. We make no claims about them.