Last updated on 2025-11-11 15:50:46 CET.
| Flavor | Version | Tinstall | Tcheck | Ttotal | Status | Flags |
|---|---|---|---|---|---|---|
| r-devel-linux-x86_64-debian-clang | 1.0.0 | 2.05 | 20.23 | 22.28 | OK | |
| r-devel-linux-x86_64-debian-gcc | 1.0.0 | 1.61 | 16.78 | 18.39 | OK | |
| r-devel-linux-x86_64-fedora-clang | 1.0.0 | 33.94 | OK | |||
| r-devel-linux-x86_64-fedora-gcc | 1.0.0 | 32.25 | OK | |||
| r-devel-windows-x86_64 | 1.0.0 | 4.00 | 36.00 | 40.00 | OK | |
| r-patched-linux-x86_64 | 1.0.0 | 2.18 | 19.34 | 21.52 | OK | |
| r-release-linux-x86_64 | 1.0.0 | 1.96 | 19.01 | 20.97 | OK | |
| r-release-macos-arm64 | 1.0.0 | 1.00 | 14.00 | 15.00 | OK | |
| r-release-macos-x86_64 | 1.0.0 | 2.00 | 26.00 | 28.00 | OK | |
| r-release-windows-x86_64 | 1.0.0 | 3.00 | 34.00 | 37.00 | OK | |
| r-oldrel-macos-arm64 | 1.0.0 | 1.00 | 13.00 | 14.00 | NOTE | |
| r-oldrel-macos-x86_64 | 1.0.0 | 3.00 | 30.00 | 33.00 | NOTE | |
| r-oldrel-windows-x86_64 | 1.0.0 | 3.00 | 38.00 | 41.00 | NOTE |
Version: 1.0.0
Check: LazyData
Result: NOTE
'LazyData' is specified without a 'data' directory
Flavors: r-oldrel-macos-arm64, r-oldrel-macos-x86_64, r-oldrel-windows-x86_64
These binaries (installable software) and packages are in development.
They may not be fully stable and should be used with caution. We make no claims about them.