Last updated on 2025-10-24 19:50:43 CEST.
| Flavor | Version | Tinstall | Tcheck | Ttotal | Status | Flags |
|---|---|---|---|---|---|---|
| r-devel-linux-x86_64-debian-clang | 1.2 | 3.43 | 32.96 | 36.39 | NOTE | |
| r-devel-linux-x86_64-debian-gcc | 1.2 | 2.78 | 25.38 | 28.16 | NOTE | |
| r-devel-linux-x86_64-fedora-clang | 1.2 | 31.00 | 32.49 | 63.49 | OK | |
| r-devel-linux-x86_64-fedora-gcc | 1.2 | 75.89 | OK | |||
| r-devel-windows-x86_64 | 1.2 | 6.00 | 53.00 | 59.00 | OK | |
| r-patched-linux-x86_64 | 1.2 | 2.98 | 31.71 | 34.69 | OK | |
| r-release-linux-x86_64 | 1.2 | 2.82 | 31.55 | 34.37 | OK | |
| r-release-macos-arm64 | 1.2 | 2.00 | 36.00 | 38.00 | OK | |
| r-release-macos-x86_64 | 1.2 | 3.00 | 49.00 | 52.00 | OK | |
| r-release-windows-x86_64 | 1.2 | 7.00 | 56.00 | 63.00 | OK | |
| r-oldrel-macos-arm64 | 1.2 | 2.00 | 22.00 | 24.00 | OK | |
| r-oldrel-macos-x86_64 | 1.2 | 3.00 | 36.00 | 39.00 | OK | |
| r-oldrel-windows-x86_64 | 1.2 | 9.00 | 61.00 | 70.00 | OK |
Version: 1.2
Check: CRAN incoming feasibility
Result: NOTE
Maintainer: ‘Rampal S. Etienne <r.s.etienne@rug.nl>’
No Authors@R field in DESCRIPTION.
Please add one, modifying
Authors@R: c(person(given = c("Rampal", "S.", "Etienne", "&", "Bart"),
family = "Haegeman",
role = "aut"),
person(given = c("Rampal", "S."),
family = "Etienne",
role = "cre",
email = "r.s.etienne@rug.nl"))
as necessary.
Flavors: r-devel-linux-x86_64-debian-clang, r-devel-linux-x86_64-debian-gcc
These binaries (installable software) and packages are in development.
They may not be fully stable and should be used with caution. We make no claims about them.