CRAN Package Check Results for Package SAGMM

Last updated on 2025-07-21 15:51:14 CEST.

Flavor Version Tinstall Tcheck Ttotal Status Flags
r-devel-linux-x86_64-debian-clang 0.2.4 20.47 27.36 47.83 NOTE
r-devel-linux-x86_64-debian-gcc 0.2.4 15.54 21.69 37.23 NOTE
r-devel-linux-x86_64-fedora-clang 0.2.4 84.86 NOTE
r-devel-linux-x86_64-fedora-gcc 0.2.4 78.34 NOTE
r-devel-windows-x86_64 0.2.4 24.00 71.00 95.00 NOTE
r-patched-linux-x86_64 0.2.4 20.97 26.14 47.11 NOTE
r-release-linux-x86_64 0.2.4 20.83 26.15 46.98 NOTE
r-release-macos-arm64 0.2.4 30.00 NOTE
r-release-macos-x86_64 0.2.4 49.00 NOTE
r-release-windows-x86_64 0.2.4 25.00 69.00 94.00 NOTE
r-oldrel-macos-arm64 0.2.4 28.00 NOTE
r-oldrel-macos-x86_64 0.2.4 46.00 NOTE
r-oldrel-windows-x86_64 0.2.4 31.00 81.00 112.00 NOTE

Check Details

Version: 0.2.4
Check: CRAN incoming feasibility
Result: NOTE Maintainer: ‘Andrew T. Jones <andrewthomasjones@gmail.com>’ No Authors@R field in DESCRIPTION. Please add one, modifying Authors@R: c(person(given = c("Andrew", "T."), family = "Jones", role = c("aut", "cre"), email = "andrewthomasjones@gmail.com"), person(given = c("Hien", "D."), family = "Nguyen", role = "aut")) as necessary. Flavors: r-devel-linux-x86_64-debian-clang, r-devel-linux-x86_64-debian-gcc

Version: 0.2.4
Check: C++ specification
Result: NOTE Specified C++11: please drop specification unless essential Flavors: r-devel-linux-x86_64-debian-clang, r-devel-linux-x86_64-debian-gcc, r-devel-linux-x86_64-fedora-clang, r-devel-linux-x86_64-fedora-gcc, r-devel-windows-x86_64, r-patched-linux-x86_64, r-release-linux-x86_64, r-release-macos-arm64, r-release-macos-x86_64, r-release-windows-x86_64, r-oldrel-macos-arm64, r-oldrel-macos-x86_64, r-oldrel-windows-x86_64

These binaries (installable software) and packages are in development.
They may not be fully stable and should be used with caution. We make no claims about them.