Last updated on 2025-07-02 03:50:52 CEST.
Flavor | Version | Tinstall | Tcheck | Ttotal | Status | Flags |
---|---|---|---|---|---|---|
r-devel-linux-x86_64-debian-clang | 0.1.0-1 | 32.98 | 172.30 | 205.28 | OK | |
r-devel-linux-x86_64-debian-gcc | 0.1.0-1 | 20.53 | 146.59 | 167.12 | OK | |
r-devel-linux-x86_64-fedora-clang | 0.1.0-1 | 376.97 | NOTE | |||
r-devel-linux-x86_64-fedora-gcc | 0.1.0-1 | 358.79 | NOTE | |||
r-devel-windows-x86_64 | 0.1.0-1 | 37.00 | 233.00 | 270.00 | OK | |
r-patched-linux-x86_64 | OK | |||||
r-release-linux-x86_64 | 0.1.0-1 | 29.92 | 220.47 | 250.39 | OK | |
r-release-macos-arm64 | 0.1.0-1 | 154.00 | OK | |||
r-release-macos-x86_64 | 0.1.0-1 | 333.00 | OK | |||
r-release-windows-x86_64 | 0.1.0-1 | 38.00 | 241.00 | 279.00 | OK | |
r-oldrel-macos-arm64 | 0.1.0-1 | 149.00 | OK | |||
r-oldrel-macos-x86_64 | 0.1.0-1 | 201.00 | OK | |||
r-oldrel-windows-x86_64 | 0.1.0-1 | 46.00 | 325.00 | 371.00 | OK |
Version: 0.1.0-1
Check: dependencies in R code
Result: NOTE
Namespace in Imports field not imported from: ‘Rcpp’
All declared Imports should be used.
Flavors: r-devel-linux-x86_64-fedora-clang, r-devel-linux-x86_64-fedora-gcc
These binaries (installable software) and packages are in development.
They may not be fully stable and should be used with caution. We make no claims about them.