Last updated on 2025-11-14 09:50:14 CET.
| Flavor | Version | Tinstall | Tcheck | Ttotal | Status | Flags |
|---|---|---|---|---|---|---|
| r-devel-linux-x86_64-debian-clang | 0.1.0-1 | 30.34 | 171.45 | 201.79 | OK | |
| r-devel-linux-x86_64-debian-gcc | 0.1.0-1 | 18.62 | 148.17 | 166.79 | OK | |
| r-devel-linux-x86_64-fedora-clang | 0.1.0-1 | 58.00 | 291.37 | 349.37 | NOTE | |
| r-devel-linux-x86_64-fedora-gcc | 0.1.0-1 | 48.00 | 315.61 | 363.61 | NOTE | |
| r-devel-windows-x86_64 | 0.1.0-1 | 38.00 | 233.00 | 271.00 | OK | |
| r-patched-linux-x86_64 | 0.1.0-1 | 30.04 | 220.55 | 250.59 | OK | |
| r-release-linux-x86_64 | 0.1.0-1 | 27.58 | 220.39 | 247.97 | OK | |
| r-release-macos-arm64 | 0.1.0-1 | 20.00 | 134.00 | 154.00 | OK | |
| r-release-macos-x86_64 | 0.1.0-1 | 22.00 | 311.00 | 333.00 | OK | |
| r-release-windows-x86_64 | 0.1.0-1 | 38.00 | 239.00 | 277.00 | OK | |
| r-oldrel-macos-arm64 | 0.1.0-1 | 14.00 | 135.00 | 149.00 | OK | |
| r-oldrel-macos-x86_64 | 0.1.0-1 | 16.00 | 185.00 | 201.00 | OK | |
| r-oldrel-windows-x86_64 | 0.1.0-1 | 44.00 | 332.00 | 376.00 | OK |
Version: 0.1.0-1
Check: dependencies in R code
Result: NOTE
Namespace in Imports field not imported from: ‘Rcpp’
All declared Imports should be used.
Flavors: r-devel-linux-x86_64-fedora-clang, r-devel-linux-x86_64-fedora-gcc
These binaries (installable software) and packages are in development.
They may not be fully stable and should be used with caution. We make no claims about them.