Last updated on 2025-10-03 15:50:02 CEST.
Flavor | Version | Tinstall | Tcheck | Ttotal | Status | Flags |
---|---|---|---|---|---|---|
r-devel-linux-x86_64-debian-clang | 0.3.0 | 1.43 | 19.80 | 21.23 | NOTE | |
r-devel-linux-x86_64-debian-gcc | 0.3.0 | 1.30 | 16.28 | 17.58 | NOTE | |
r-devel-linux-x86_64-fedora-clang | 0.3.0 | 34.39 | OK | |||
r-devel-linux-x86_64-fedora-gcc | 0.3.0 | 30.01 | OK | |||
r-devel-windows-x86_64 | 0.3.0 | 3.00 | 38.00 | 41.00 | OK | |
r-patched-linux-x86_64 | 0.3.0 | 1.73 | 18.79 | 20.52 | OK | |
r-release-linux-x86_64 | 0.3.0 | 1.01 | 18.58 | 19.59 | OK | |
r-release-macos-arm64 | 0.3.0 | 20.00 | OK | |||
r-release-macos-x86_64 | 0.3.0 | 29.00 | OK | |||
r-release-windows-x86_64 | 0.3.0 | 3.00 | 40.00 | 43.00 | OK | |
r-oldrel-macos-arm64 | 0.3.0 | 15.00 | OK | |||
r-oldrel-macos-x86_64 | 0.3.0 | 23.00 | OK | |||
r-oldrel-windows-x86_64 | 0.3.0 | 6.00 | 44.00 | 50.00 | OK |
Version: 0.3.0
Check: CRAN incoming feasibility
Result: NOTE
Maintainer: ‘Jiayi Ji <Jiayi.Ji@mountsinai.org>’
The Description field contains
cancer data <arXiv:2012.06093>.
Please refer to arXiv e-prints via their arXiv DOI <doi:10.48550/arXiv.YYMM.NNNNN>.
Flavors: r-devel-linux-x86_64-debian-clang, r-devel-linux-x86_64-debian-gcc
These binaries (installable software) and packages are in development.
They may not be fully stable and should be used with caution. We make no claims about them.