Last updated on 2025-10-24 13:49:49 CEST.
| Flavor | Version | Tinstall | Tcheck | Ttotal | Status | Flags |
|---|---|---|---|---|---|---|
| r-devel-linux-x86_64-debian-clang | 1.1 | 1.89 | 22.85 | 24.74 | NOTE | |
| r-devel-linux-x86_64-debian-gcc | 1.1 | 1.52 | 18.54 | 20.06 | NOTE | |
| r-devel-linux-x86_64-fedora-clang | 1.1 | 16.00 | 22.76 | 38.76 | OK | |
| r-devel-linux-x86_64-fedora-gcc | 1.1 | 35.50 | OK | |||
| r-devel-windows-x86_64 | 1.1 | 3.00 | 45.00 | 48.00 | OK | |
| r-patched-linux-x86_64 | 1.1 | 1.93 | 21.74 | 23.67 | OK | |
| r-release-linux-x86_64 | 1.1 | 1.76 | 22.00 | 23.76 | OK | |
| r-release-macos-arm64 | 1.1 | 1.00 | 16.00 | 17.00 | OK | |
| r-release-macos-x86_64 | 1.1 | 2.00 | 25.00 | 27.00 | OK | |
| r-release-windows-x86_64 | 1.1 | 4.00 | 47.00 | 51.00 | OK | |
| r-oldrel-macos-arm64 | 1.1 | 1.00 | 14.00 | 15.00 | OK | |
| r-oldrel-macos-x86_64 | 1.1 | 2.00 | 24.00 | 26.00 | OK | |
| r-oldrel-windows-x86_64 | 1.1 | 3.00 | 50.00 | 53.00 | OK |
Version: 1.1
Check: CRAN incoming feasibility
Result: NOTE
Maintainer: ‘Alireza S. Mahani <alireza.s.mahani@gmail.com>’
No Authors@R field in DESCRIPTION.
Please add one, modifying
Authors@R: c(person(given = c("Mansour", "T.A."),
family = "Sharabiani",
role = "aut"),
person(given = c("Alireza", "S."),
family = "Mahani",
role = c("aut", "cre"),
email = "alireza.s.mahani@gmail.com"))
as necessary.
Flavors: r-devel-linux-x86_64-debian-clang, r-devel-linux-x86_64-debian-gcc
These binaries (installable software) and packages are in development.
They may not be fully stable and should be used with caution. We make no claims about them.