Last updated on 2024-07-27 15:50:33 CEST.
Flavor | Version | Tinstall | Tcheck | Ttotal | Status | Flags |
---|---|---|---|---|---|---|
r-devel-linux-x86_64-debian-clang | 0.1.1 | 160.91 | 49.43 | 210.34 | OK | |
r-devel-linux-x86_64-debian-gcc | 0.1.1 | OK | ||||
r-devel-linux-x86_64-fedora-clang | 0.1.1 | 364.51 | OK | |||
r-devel-linux-x86_64-fedora-gcc | 0.1.1 | 307.30 | OK | |||
r-devel-windows-x86_64 | 0.1.1 | 119.00 | 80.00 | 199.00 | OK | |
r-patched-linux-x86_64 | 0.1.1 | OK | ||||
r-release-linux-x86_64 | 0.1.1 | 120.29 | 46.05 | 166.34 | OK | |
r-release-macos-arm64 | 0.1.1 | 63.00 | NOTE | |||
r-release-macos-x86_64 | 0.1.1 | 76.00 | NOTE | |||
r-release-windows-x86_64 | 0.1.1 | 150.00 | 80.00 | 230.00 | OK | |
r-oldrel-macos-arm64 | 0.1.1 | 67.00 | NOTE | |||
r-oldrel-macos-x86_64 | 0.1.1 | 86.00 | NOTE | |||
r-oldrel-windows-x86_64 | 0.1.1 | 140.00 | 92.00 | 232.00 | OK |
Version: 0.1.1
Check: installed package size
Result: NOTE
installed size is 5.3Mb
sub-directories of 1Mb or more:
libs 5.0Mb
Flavors: r-release-macos-arm64, r-release-macos-x86_64, r-oldrel-macos-arm64, r-oldrel-macos-x86_64
These binaries (installable software) and packages are in development.
They may not be fully stable and should be used with caution. We make no claims about them.