Last updated on 2025-10-23 21:51:40 CEST.
Flavor | Version | Tinstall | Tcheck | Ttotal | Status | Flags |
---|---|---|---|---|---|---|
r-devel-linux-x86_64-debian-clang | 0.2.0 | 72.89 | 43.67 | 116.56 | NOTE | |
r-devel-linux-x86_64-debian-gcc | 0.2.0 | 42.86 | 32.13 | 74.99 | OK | |
r-devel-linux-x86_64-fedora-clang | 0.2.0 | 249.00 | -12.08 | 236.92 | OK | |
r-devel-linux-x86_64-fedora-gcc | 0.2.0 | 87.00 | 98.03 | 185.03 | OK | |
r-devel-windows-x86_64 | 0.2.0 | 79.00 | 84.00 | 163.00 | OK | |
r-patched-linux-x86_64 | 0.2.0 | 69.29 | 40.30 | 109.59 | OK | |
r-release-linux-x86_64 | 0.2.0 | 68.55 | 40.65 | 109.20 | OK | |
r-release-macos-arm64 | 0.2.0 | 24.00 | 22.00 | 46.00 | OK | |
r-release-macos-x86_64 | 0.2.0 | 41.00 | 44.00 | 85.00 | OK | |
r-release-windows-x86_64 | 0.2.0 | 81.00 | 85.00 | 166.00 | OK | |
r-oldrel-macos-arm64 | 0.2.0 | 23.00 | 28.00 | 51.00 | OK | |
r-oldrel-macos-x86_64 | 0.2.0 | 44.00 | 56.00 | 100.00 | OK | |
r-oldrel-windows-x86_64 | 0.2.0 | 96.00 | 105.00 | 201.00 | OK |
Version: 0.2.0
Check: HTML version of manual
Result: NOTE
Found the following HTML validation problems:
dot-relabell.html:46:1 (dot-relabell.Rd:10): Warning: missing </ul> before </div>
Flavor: r-devel-linux-x86_64-debian-clang
These binaries (installable software) and packages are in development.
They may not be fully stable and should be used with caution. We make no claims about them.