Last updated on 2025-05-21 21:49:29 CEST.
Flavor | Version | Tinstall | Tcheck | Ttotal | Status | Flags |
---|---|---|---|---|---|---|
r-devel-linux-x86_64-debian-clang | 0.1.1 | 108.43 | 40.68 | 149.11 | OK | |
r-devel-linux-x86_64-debian-gcc | 0.1.1 | 66.21 | 30.34 | 96.55 | OK | |
r-devel-linux-x86_64-fedora-clang | 0.1.1 | 285.32 | OK | |||
r-devel-linux-x86_64-fedora-gcc | 0.1.1 | 275.42 | OK | |||
r-devel-windows-x86_64 | 0.1.1 | 115.00 | 75.00 | 190.00 | OK | |
r-patched-linux-x86_64 | 0.1.1 | 99.24 | 39.05 | 138.29 | OK | |
r-release-linux-x86_64 | 0.1.1 | 95.43 | 37.65 | 133.08 | OK | |
r-release-macos-arm64 | 0.1.1 | 56.00 | OK | |||
r-release-macos-x86_64 | 0.1.1 | 84.00 | OK | |||
r-release-windows-x86_64 | 0.1.1 | 117.00 | 81.00 | 198.00 | OK | |
r-oldrel-macos-arm64 | 0.1.1 | 59.00 | NOTE | |||
r-oldrel-macos-x86_64 | 0.1.1 | 70.00 | NOTE | |||
r-oldrel-windows-x86_64 | 0.1.1 | 136.00 | 92.00 | 228.00 | OK |
Version: 0.1.1
Check: installed package size
Result: NOTE
installed size is 6.1Mb
sub-directories of 1Mb or more:
libs 5.6Mb
Flavors: r-oldrel-macos-arm64, r-oldrel-macos-x86_64
These binaries (installable software) and packages are in development.
They may not be fully stable and should be used with caution. We make no claims about them.