Last updated on 2025-11-13 19:50:37 CET.
| Flavor | Version | Tinstall | Tcheck | Ttotal | Status | Flags |
|---|---|---|---|---|---|---|
| r-devel-linux-x86_64-debian-clang | 0.1.1 | 102.05 | 42.87 | 144.92 | OK | |
| r-devel-linux-x86_64-debian-gcc | 0.1.1 | 62.95 | 31.16 | 94.11 | OK | |
| r-devel-linux-x86_64-fedora-clang | 0.1.1 | 119.00 | 158.85 | 277.85 | OK | |
| r-devel-linux-x86_64-fedora-gcc | 0.1.1 | 104.00 | 130.72 | 234.72 | OK | |
| r-devel-windows-x86_64 | 0.1.1 | 119.00 | 77.00 | 196.00 | OK | |
| r-patched-linux-x86_64 | 0.1.1 | 99.69 | 38.76 | 138.45 | OK | |
| r-release-linux-x86_64 | 0.1.1 | 94.40 | 38.96 | 133.36 | OK | |
| r-release-macos-arm64 | 0.1.1 | 35.00 | 21.00 | 56.00 | OK | |
| r-release-macos-x86_64 | 0.1.1 | 39.00 | 45.00 | 84.00 | OK | |
| r-release-windows-x86_64 | 0.1.1 | 118.00 | 76.00 | 194.00 | OK | |
| r-oldrel-macos-arm64 | 0.1.1 | 40.00 | 19.00 | 59.00 | NOTE | |
| r-oldrel-macos-x86_64 | 0.1.1 | 34.00 | 36.00 | 70.00 | NOTE | |
| r-oldrel-windows-x86_64 | 0.1.1 | 137.00 | 95.00 | 232.00 | OK |
Version: 0.1.1
Check: installed package size
Result: NOTE
installed size is 6.1Mb
sub-directories of 1Mb or more:
libs 5.6Mb
Flavors: r-oldrel-macos-arm64, r-oldrel-macos-x86_64
These binaries (installable software) and packages are in development.
They may not be fully stable and should be used with caution. We make no claims about them.