Last updated on 2025-02-16 10:50:57 CET.
Flavor | Version | Tinstall | Tcheck | Ttotal | Status | Flags |
---|---|---|---|---|---|---|
r-devel-linux-x86_64-debian-clang | 0.1.1 | 94.47 | 34.68 | 129.15 | OK | |
r-devel-linux-x86_64-debian-gcc | 0.1.1 | 69.08 | 26.63 | 95.71 | OK | |
r-devel-linux-x86_64-fedora-clang | 0.1.1 | 280.65 | OK | |||
r-devel-linux-x86_64-fedora-gcc | 0.1.1 | 274.14 | OK | |||
r-devel-macos-arm64 | 0.1.1 | 55.00 | OK | |||
r-devel-macos-x86_64 | 0.1.1 | 83.00 | OK | |||
r-devel-windows-x86_64 | 0.1.1 | 105.00 | 76.00 | 181.00 | OK | |
r-patched-linux-x86_64 | 0.1.1 | 92.18 | 32.25 | 124.43 | OK | |
r-release-linux-x86_64 | 0.1.1 | 96.20 | 32.46 | 128.66 | OK | |
r-release-macos-arm64 | 0.1.1 | 59.00 | NOTE | |||
r-release-macos-x86_64 | 0.1.1 | 70.00 | NOTE | |||
r-release-windows-x86_64 | 0.1.1 | 104.00 | 76.00 | 180.00 | OK | |
r-oldrel-macos-arm64 | 0.1.1 | 62.00 | NOTE | |||
r-oldrel-macos-x86_64 | 0.1.1 | 71.00 | NOTE | |||
r-oldrel-windows-x86_64 | 0.1.1 | 128.00 | 94.00 | 222.00 | OK |
Version: 0.1.1
Check: installed package size
Result: NOTE
installed size is 6.1Mb
sub-directories of 1Mb or more:
libs 5.6Mb
Flavors: r-release-macos-arm64, r-release-macos-x86_64, r-oldrel-macos-arm64, r-oldrel-macos-x86_64
These binaries (installable software) and packages are in development.
They may not be fully stable and should be used with caution. We make no claims about them.