Last updated on 2025-11-11 15:50:46 CET.
| Flavor | Version | Tinstall | Tcheck | Ttotal | Status | Flags |
|---|---|---|---|---|---|---|
| r-devel-linux-x86_64-debian-clang | 1.0.9-1 | 13.38 | 36.74 | 50.12 | NOTE | |
| r-devel-linux-x86_64-debian-gcc | 1.0.9-1 | 7.62 | 28.38 | 36.00 | NOTE | |
| r-devel-linux-x86_64-fedora-clang | 1.0.9-1 | 25.00 | 50.52 | 75.52 | OK | |
| r-devel-linux-x86_64-fedora-gcc | 1.0.9-1 | 25.00 | 59.91 | 84.91 | OK | |
| r-devel-windows-x86_64 | 1.0.9-1 | 17.00 | 67.00 | 84.00 | OK | |
| r-patched-linux-x86_64 | 1.0.9-1 | 10.41 | 35.94 | 46.35 | OK | |
| r-release-linux-x86_64 | 1.0.9-1 | 9.73 | 35.23 | 44.96 | OK | |
| r-release-macos-arm64 | 1.0.9-1 | 8.00 | 51.00 | 59.00 | OK | |
| r-release-macos-x86_64 | 1.0.9-1 | 8.00 | 49.00 | 57.00 | OK | |
| r-release-windows-x86_64 | 1.0.9-1 | 16.00 | 65.00 | 81.00 | OK | |
| r-oldrel-macos-arm64 | 1.0.9-1 | 7.00 | 24.00 | 31.00 | OK | |
| r-oldrel-macos-x86_64 | 1.0.9-1 | 7.00 | 38.00 | 45.00 | OK | |
| r-oldrel-windows-x86_64 | 1.0.9-1 | 17.00 | 69.00 | 86.00 | OK |
Version: 1.0.9-1
Check: CRAN incoming feasibility
Result: NOTE
Maintainer: ‘Masami Saga <msaga@mtb.biglobe.ne.jp>’
No Authors@R field in DESCRIPTION.
Please add one, modifying
Authors@R: c(person(given = c("The", "Institute", "of", "Statistical"),
family = "Mathematics",
role = "aut"),
person(given = "Masami",
family = "Saga",
role = "cre",
email = "msaga@mtb.biglobe.ne.jp"))
as necessary.
Flavors: r-devel-linux-x86_64-debian-clang, r-devel-linux-x86_64-debian-gcc
These binaries (installable software) and packages are in development.
They may not be fully stable and should be used with caution. We make no claims about them.