Last updated on 2024-07-27 15:50:33 CEST.
Flavor | Version | Tinstall | Tcheck | Ttotal | Status | Flags |
---|---|---|---|---|---|---|
r-devel-linux-x86_64-debian-clang | 1.0.3 | 71.30 | 99.51 | 170.81 | NOTE | |
r-devel-linux-x86_64-debian-gcc | 1.0.3 | NOTE | ||||
r-devel-linux-x86_64-fedora-clang | 1.0.3 | 255.82 | NOTE | |||
r-devel-linux-x86_64-fedora-gcc | 1.0.3 | 220.81 | NOTE | |||
r-devel-windows-x86_64 | 1.0.3 | 60.00 | 107.00 | 167.00 | NOTE | |
r-patched-linux-x86_64 | 1.0.3 | NOTE | ||||
r-release-linux-x86_64 | 1.0.3 | 41.24 | 94.64 | 135.88 | NOTE | |
r-release-macos-arm64 | 1.0.3 | 57.00 | NOTE | |||
r-release-macos-x86_64 | 1.0.3 | 81.00 | NOTE | |||
r-release-windows-x86_64 | 1.0.3 | 67.00 | 104.00 | 171.00 | NOTE | |
r-oldrel-macos-arm64 | 1.0.3 | 66.00 | NOTE | |||
r-oldrel-macos-x86_64 | 1.0.3 | 109.00 | NOTE | |||
r-oldrel-windows-x86_64 | 1.0.3 | 70.00 | 131.00 | 201.00 | NOTE |
Version: 1.0.3
Check: C++ specification
Result: NOTE
Specified C++11: please drop specification unless essential
Flavors: r-devel-linux-x86_64-debian-clang, r-devel-linux-x86_64-debian-gcc, r-devel-linux-x86_64-fedora-clang, r-devel-linux-x86_64-fedora-gcc, r-devel-windows-x86_64, r-patched-linux-x86_64, r-release-linux-x86_64, r-release-macos-arm64, r-release-macos-x86_64, r-release-windows-x86_64, r-oldrel-macos-arm64, r-oldrel-macos-x86_64, r-oldrel-windows-x86_64
Version: 1.0.3
Check: for GNU extensions in Makefiles
Result: NOTE
GNU make is a SystemRequirements.
Flavors: r-devel-linux-x86_64-debian-clang, r-devel-linux-x86_64-debian-gcc, r-devel-linux-x86_64-fedora-clang, r-devel-linux-x86_64-fedora-gcc, r-devel-windows-x86_64, r-patched-linux-x86_64, r-release-linux-x86_64, r-release-macos-arm64, r-release-macos-x86_64, r-release-windows-x86_64, r-oldrel-macos-arm64, r-oldrel-macos-x86_64, r-oldrel-windows-x86_64
Version: 1.0.3
Check: Rd cross-references
Result: NOTE
Found the following Rd file(s) with Rd \link{} targets missing package
anchors:
az_rec_service.Rd: az_subscription, az_resource_group
create_rec_service.Rd: az_template
Please provide package anchors for all Rd \link{} targets not in the
package itself and the base packages.
Flavors: r-devel-linux-x86_64-debian-gcc, r-devel-windows-x86_64
Version: 1.0.3
Check: dependencies in R code
Result: NOTE
Namespaces in Imports field not imported from:
‘httr’ ‘jsonlite’
All declared Imports should be used.
Flavors: r-devel-linux-x86_64-fedora-clang, r-devel-linux-x86_64-fedora-gcc
These binaries (installable software) and packages are in development.
They may not be fully stable and should be used with caution. We make no claims about them.