Last updated on 2025-02-16 10:50:57 CET.
Flavor | Version | Tinstall | Tcheck | Ttotal | Status | Flags |
---|---|---|---|---|---|---|
r-devel-linux-x86_64-debian-clang | 1.0.3 | 48.81 | 78.36 | 127.17 | NOTE | |
r-devel-linux-x86_64-debian-gcc | 1.0.3 | 34.91 | 57.47 | 92.38 | NOTE | |
r-devel-linux-x86_64-fedora-clang | 1.0.3 | 230.29 | NOTE | |||
r-devel-linux-x86_64-fedora-gcc | 1.0.3 | 223.99 | NOTE | |||
r-devel-macos-arm64 | 1.0.3 | 61.00 | NOTE | |||
r-devel-macos-x86_64 | 1.0.3 | 95.00 | NOTE | |||
r-devel-windows-x86_64 | 1.0.3 | 58.00 | 104.00 | 162.00 | NOTE | |
r-patched-linux-x86_64 | 1.0.3 | 56.47 | 73.01 | 129.48 | NOTE | |
r-release-linux-x86_64 | 1.0.3 | 47.13 | 72.87 | 120.00 | NOTE | |
r-release-macos-arm64 | 1.0.3 | 38.00 | NOTE | |||
r-release-macos-x86_64 | 1.0.3 | 57.00 | NOTE | |||
r-release-windows-x86_64 | 1.0.3 | 58.00 | 108.00 | 166.00 | NOTE | |
r-oldrel-macos-arm64 | 1.0.3 | 66.00 | NOTE | |||
r-oldrel-macos-x86_64 | 1.0.3 | 109.00 | NOTE | |||
r-oldrel-windows-x86_64 | 1.0.3 | 68.00 | 123.00 | 191.00 | NOTE |
Version: 1.0.3
Check: C++ specification
Result: NOTE
Specified C++11: please drop specification unless essential
Flavors: r-devel-linux-x86_64-debian-clang, r-devel-linux-x86_64-debian-gcc, r-devel-linux-x86_64-fedora-clang, r-devel-linux-x86_64-fedora-gcc, r-devel-macos-arm64, r-devel-macos-x86_64, r-devel-windows-x86_64, r-patched-linux-x86_64, r-release-linux-x86_64, r-release-macos-arm64, r-release-macos-x86_64, r-release-windows-x86_64, r-oldrel-macos-arm64, r-oldrel-macos-x86_64, r-oldrel-windows-x86_64
Version: 1.0.3
Check: Rd cross-references
Result: NOTE
Found the following Rd file(s) with Rd \link{} targets missing package
anchors:
az_rec_service.Rd: az_subscription, az_resource_group
create_rec_service.Rd: az_template
Please provide package anchors for all Rd \link{} targets not in the
package itself and the base packages.
Flavors: r-devel-linux-x86_64-debian-clang, r-devel-linux-x86_64-debian-gcc, r-devel-windows-x86_64
Version: 1.0.3
Check: dependencies in R code
Result: NOTE
Namespaces in Imports field not imported from:
‘httr’ ‘jsonlite’
All declared Imports should be used.
Flavors: r-devel-linux-x86_64-fedora-clang, r-devel-linux-x86_64-fedora-gcc
Version: 1.0.3
Check: for GNU extensions in Makefiles
Result: NOTE
GNU make is a SystemRequirements.
Flavors: r-patched-linux-x86_64, r-release-linux-x86_64, r-release-macos-arm64, r-release-macos-x86_64, r-release-windows-x86_64, r-oldrel-macos-arm64, r-oldrel-macos-x86_64, r-oldrel-windows-x86_64
These binaries (installable software) and packages are in development.
They may not be fully stable and should be used with caution. We make no claims about them.