Last updated on 2025-02-16 10:50:57 CET.
Flavor | Version | Tinstall | Tcheck | Ttotal | Status | Flags |
---|---|---|---|---|---|---|
r-devel-linux-x86_64-debian-clang | 0.8.2 | 2.59 | 21.94 | 24.53 | NOTE | |
r-devel-linux-x86_64-debian-gcc | 0.8.2 | 1.74 | 17.42 | 19.16 | NOTE | |
r-devel-linux-x86_64-fedora-clang | 0.8.2 | 40.83 | OK | |||
r-devel-linux-x86_64-fedora-gcc | 0.8.2 | 38.52 | OK | |||
r-devel-macos-arm64 | 0.8.2 | 19.00 | OK | |||
r-devel-macos-x86_64 | 0.8.2 | 35.00 | OK | |||
r-devel-windows-x86_64 | 0.8.2 | 3.00 | 50.00 | 53.00 | NOTE | |
r-patched-linux-x86_64 | 0.8.2 | 4.89 | 20.63 | 25.52 | OK | |
r-release-linux-x86_64 | 0.8.2 | 1.87 | 20.63 | 22.50 | OK | |
r-release-macos-arm64 | 0.8.2 | 17.00 | OK | |||
r-release-macos-x86_64 | 0.8.2 | 30.00 | OK | |||
r-release-windows-x86_64 | 0.8.2 | 4.00 | 44.00 | 48.00 | OK | |
r-oldrel-macos-arm64 | 0.8.2 | 19.00 | OK | |||
r-oldrel-macos-x86_64 | 0.8.2 | 23.00 | OK | |||
r-oldrel-windows-x86_64 | 0.8.2 | 4.00 | 44.00 | 48.00 | OK |
Version: 0.8.2
Check: Rd cross-references
Result: NOTE
Found the following Rd file(s) with Rd \link{} targets missing package
anchors:
SASmarkdown-package.rd: knitr-package
sas_enginesetup.rd: knit_engines
saslog_hookset.rd: knit_hooks
Please provide package anchors for all Rd \link{} targets not in the
package itself and the base packages.
Flavors: r-devel-linux-x86_64-debian-clang, r-devel-linux-x86_64-debian-gcc, r-devel-windows-x86_64
These binaries (installable software) and packages are in development.
They may not be fully stable and should be used with caution. We make no claims about them.