Last updated on 2025-11-13 01:50:33 CET.
| Flavor | Version | Tinstall | Tcheck | Ttotal | Status | Flags |
|---|---|---|---|---|---|---|
| r-devel-linux-x86_64-debian-clang | 1.0.0 | 39.54 | 67.41 | 106.95 | NOTE | |
| r-devel-linux-x86_64-debian-gcc | 1.0.0 | 29.17 | 46.63 | 75.80 | NOTE | |
| r-devel-linux-x86_64-fedora-clang | 1.0.0 | 92.00 | 86.80 | 178.80 | NOTE | |
| r-devel-linux-x86_64-fedora-gcc | 1.0.0 | 95.00 | 77.16 | 172.16 | NOTE | |
| r-devel-windows-x86_64 | 1.0.0 | 45.00 | 113.00 | 158.00 | NOTE | |
| r-patched-linux-x86_64 | 1.0.0 | 42.51 | 63.37 | 105.88 | NOTE | |
| r-release-linux-x86_64 | 1.0.0 | 40.66 | 63.11 | 103.77 | NOTE | |
| r-release-macos-arm64 | 1.0.0 | 20.00 | 34.00 | 54.00 | NOTE | |
| r-release-macos-x86_64 | 1.0.0 | 35.00 | 57.00 | 92.00 | NOTE | |
| r-release-windows-x86_64 | 1.0.0 | 45.00 | 112.00 | 157.00 | NOTE | |
| r-oldrel-macos-arm64 | 1.0.0 | 19.00 | 30.00 | 49.00 | NOTE | |
| r-oldrel-macos-x86_64 | 1.0.0 | 27.00 | 43.00 | 70.00 | NOTE | |
| r-oldrel-windows-x86_64 | 1.0.0 | 60.00 | 140.00 | 200.00 | NOTE |
Version: 1.0.0
Check: Rd files
Result: NOTE
checkRd: (-1) OTC.Rd:42: Lost braces; missing escapes or markup?
42 | discretizing R^{numbers of variables}. If NULL, it is estimating
| ^
checkRd: (-1) OTC.Rd:83: Lost braces; missing escapes or markup?
83 | discretizing R^{numbers of variables}. If NULL, it is estimating
| ^
checkRd: (-1) OTHist.Rd:29: Lost braces; missing escapes or markup?
29 | discretizing R^{numbers of variables}. If NULL, it is estimating
| ^
checkRd: (-1) dOTC.Rd:72: Lost braces; missing escapes or markup?
72 | discretizing R^{numbers of variables}. If NULL, it is estimating
| ^
Flavors: r-devel-linux-x86_64-debian-clang, r-devel-linux-x86_64-debian-gcc, r-devel-linux-x86_64-fedora-clang, r-devel-linux-x86_64-fedora-gcc, r-devel-windows-x86_64, r-patched-linux-x86_64, r-release-linux-x86_64, r-release-macos-arm64, r-release-macos-x86_64, r-release-windows-x86_64, r-oldrel-macos-arm64, r-oldrel-macos-x86_64, r-oldrel-windows-x86_64
Version: 1.0.0
Check: Rd cross-references
Result: NOTE
Found the following Rd file(s) with Rd \link{} targets missing package
anchors:
Shift.Rd: R6Class
Please provide package anchors for all Rd \link{} targets not in the
package itself and the base packages.
Flavors: r-devel-linux-x86_64-debian-clang, r-devel-linux-x86_64-debian-gcc, r-devel-windows-x86_64, r-patched-linux-x86_64, r-release-linux-x86_64, r-release-windows-x86_64
Version: 1.0.0
Check: installed package size
Result: NOTE
installed size is 5.2Mb
sub-directories of 1Mb or more:
libs 3.9Mb
Flavors: r-oldrel-macos-arm64, r-oldrel-macos-x86_64
These binaries (installable software) and packages are in development.
They may not be fully stable and should be used with caution. We make no claims about them.