Last updated on 2025-10-03 07:49:55 CEST.
Flavor | Version | Tinstall | Tcheck | Ttotal | Status | Flags |
---|---|---|---|---|---|---|
r-devel-linux-x86_64-debian-clang | 1.0.0 | 7.31 | 89.81 | 97.12 | OK | |
r-devel-linux-x86_64-debian-gcc | 1.0.0 | 5.28 | 67.38 | 72.66 | OK | |
r-devel-linux-x86_64-fedora-clang | 1.0.0 | 160.16 | NOTE | |||
r-devel-linux-x86_64-fedora-gcc | 1.0.0 | 161.47 | NOTE | |||
r-devel-windows-x86_64 | 1.0.0 | 10.00 | 98.00 | 108.00 | OK | |
r-patched-linux-x86_64 | 1.0.0 | 6.49 | 88.79 | 95.28 | OK | |
r-release-linux-x86_64 | 1.0.0 | 6.95 | 89.09 | 96.04 | OK | |
r-release-macos-arm64 | 1.0.0 | 58.00 | OK | |||
r-release-macos-x86_64 | 1.0.0 | 109.00 | OK | |||
r-release-windows-x86_64 | 1.0.0 | 8.00 | 99.00 | 107.00 | OK | |
r-oldrel-macos-arm64 | 1.0.0 | 43.00 | NOTE | |||
r-oldrel-macos-x86_64 | 1.0.0 | 75.00 | NOTE | |||
r-oldrel-windows-x86_64 | 1.0.0 | 11.00 | 128.00 | 139.00 | NOTE |
Version: 1.0.0
Check: dependencies in R code
Result: NOTE
Namespace in Imports field not imported from: ‘network’
All declared Imports should be used.
Flavors: r-devel-linux-x86_64-fedora-clang, r-devel-linux-x86_64-fedora-gcc
Version: 1.0.0
Check: LazyData
Result: NOTE
'LazyData' is specified without a 'data' directory
Flavors: r-oldrel-macos-arm64, r-oldrel-macos-x86_64, r-oldrel-windows-x86_64
These binaries (installable software) and packages are in development.
They may not be fully stable and should be used with caution. We make no claims about them.