Last updated on 2025-02-02 14:48:34 CET.
Flavor | Version | Tinstall | Tcheck | Ttotal | Status | Flags |
---|---|---|---|---|---|---|
r-devel-linux-x86_64-debian-clang | 1.2 | 62.18 | 121.52 | 183.70 | OK | |
r-devel-linux-x86_64-debian-gcc | 1.2 | 45.14 | 86.33 | 131.47 | OK | |
r-devel-linux-x86_64-fedora-clang | 1.2 | 304.73 | OK | |||
r-devel-linux-x86_64-fedora-gcc | 1.2 | 335.71 | OK | |||
r-devel-windows-x86_64 | 1.2 | 58.00 | 157.00 | 215.00 | OK | |
r-patched-linux-x86_64 | 1.2 | 59.06 | 112.85 | 171.91 | NOTE | |
r-release-linux-x86_64 | 1.2 | 67.82 | 112.84 | 180.66 | NOTE | |
r-release-macos-arm64 | 1.2 | 86.00 | NOTE | |||
r-release-macos-x86_64 | 1.2 | 142.00 | NOTE | |||
r-release-windows-x86_64 | 1.2 | 58.00 | 167.00 | 225.00 | NOTE | |
r-oldrel-macos-arm64 | 1.2 | 92.00 | NOTE | |||
r-oldrel-macos-x86_64 | 1.2 | 147.00 | NOTE | |||
r-oldrel-windows-x86_64 | 1.2 | 74.00 | 198.00 | 272.00 | NOTE |
Version: 1.2
Check: for GNU extensions in Makefiles
Result: NOTE
GNU make is a SystemRequirements.
Flavors: r-patched-linux-x86_64, r-release-linux-x86_64, r-release-macos-arm64, r-release-macos-x86_64, r-release-windows-x86_64, r-oldrel-macos-arm64, r-oldrel-macos-x86_64, r-oldrel-windows-x86_64
Version: 1.2
Check: installed package size
Result: NOTE
installed size is 8.8Mb
sub-directories of 1Mb or more:
libs 8.5Mb
Flavors: r-release-macos-arm64, r-release-macos-x86_64, r-oldrel-macos-arm64, r-oldrel-macos-x86_64
These binaries (installable software) and packages are in development.
They may not be fully stable and should be used with caution. We make no claims about them.