CRAN Package Check Results for Package SBSDiff

Last updated on 2025-02-16 10:50:57 CET.

Flavor Version Tinstall Tcheck Ttotal Status Flags
r-devel-linux-x86_64-debian-clang 0.1.0 1.54 16.94 18.48 OK
r-devel-linux-x86_64-debian-gcc 0.1.0 1.35 13.91 15.26 OK
r-devel-linux-x86_64-fedora-clang 0.1.0 31.10 OK
r-devel-linux-x86_64-fedora-gcc 0.1.0 28.79 OK
r-devel-macos-arm64 0.1.0 14.00 OK
r-devel-macos-x86_64 0.1.0 23.00 OK
r-devel-windows-x86_64 0.1.0 3.00 50.00 53.00 OK
r-patched-linux-x86_64 0.1.0 1.67 16.33 18.00 NOTE
r-release-linux-x86_64 0.1.0 1.57 16.34 17.91 NOTE
r-release-macos-arm64 0.1.0 13.00 NOTE
r-release-macos-x86_64 0.1.0 20.00 NOTE
r-release-windows-x86_64 0.1.0 2.00 43.00 45.00 NOTE
r-oldrel-macos-arm64 0.1.0 15.00 NOTE
r-oldrel-macos-x86_64 0.1.0 20.00 NOTE
r-oldrel-windows-x86_64 0.1.0 4.00 41.00 45.00 NOTE

Check Details

Version: 0.1.0
Check: LazyData
Result: NOTE 'LazyData' is specified without a 'data' directory Flavors: r-patched-linux-x86_64, r-release-linux-x86_64, r-release-macos-arm64, r-release-macos-x86_64, r-release-windows-x86_64, r-oldrel-macos-arm64, r-oldrel-macos-x86_64, r-oldrel-windows-x86_64

These binaries (installable software) and packages are in development.
They may not be fully stable and should be used with caution. We make no claims about them.