CRAN Package Check Results for Package SBdecomp

Last updated on 2025-10-23 17:51:01 CEST.

Flavor Version Tinstall Tcheck Ttotal Status Flags
r-devel-linux-x86_64-debian-clang 1.2 12.35 104.01 116.36 NOTE
r-devel-linux-x86_64-debian-gcc 1.2 8.28 73.93 82.21 NOTE
r-devel-linux-x86_64-fedora-clang 1.2 95.00 103.69 198.69 OK
r-devel-linux-x86_64-fedora-gcc 1.2 24.00 157.31 181.31 OK
r-devel-windows-x86_64 1.2 13.00 103.00 116.00 OK
r-patched-linux-x86_64 1.2 11.85 100.43 112.28 OK
r-release-linux-x86_64 1.2 11.08 98.83 109.91 OK
r-release-macos-arm64 1.2 5.00 43.00 48.00 OK
r-release-macos-x86_64 1.2 10.00 78.00 88.00 OK
r-release-windows-x86_64 1.2 13.00 104.00 117.00 OK
r-oldrel-macos-arm64 1.2 5.00 44.00 49.00 OK
r-oldrel-macos-x86_64 1.2 9.00 66.00 75.00 OK
r-oldrel-windows-x86_64 1.2 17.00 131.00 148.00 OK

Check Details

Version: 1.2
Check: CRAN incoming feasibility
Result: NOTE Maintainer: ‘Layla Parast <parast@austin.utexas.edu>’ No Authors@R field in DESCRIPTION. Please add one, modifying Authors@R: person(given = "Layla", family = "Parast", role = c("aut", "cre"), email = "parast@austin.utexas.edu") as necessary. Flavors: r-devel-linux-x86_64-debian-clang, r-devel-linux-x86_64-debian-gcc

These binaries (installable software) and packages are in development.
They may not be fully stable and should be used with caution. We make no claims about them.