CRAN Package Check Results for Package SBdecomp

Last updated on 2025-11-12 19:52:02 CET.

Flavor Version Tinstall Tcheck Ttotal Status Flags
r-devel-linux-x86_64-debian-clang 1.2 10.81 107.24 118.05 NOTE
r-devel-linux-x86_64-debian-gcc 1.2 8.22 73.52 81.74 NOTE
r-devel-linux-x86_64-fedora-clang 1.2 29.00 155.49 184.49 OK
r-devel-linux-x86_64-fedora-gcc 1.2 24.00 151.78 175.78 OK
r-devel-windows-x86_64 1.2 14.00 104.00 118.00 OK
r-patched-linux-x86_64 1.2 12.08 98.32 110.40 OK
r-release-linux-x86_64 1.2 10.78 99.24 110.02 OK
r-release-macos-arm64 1.2 5.00 43.00 48.00 OK
r-release-macos-x86_64 1.2 10.00 78.00 88.00 OK
r-release-windows-x86_64 1.2 14.00 102.00 116.00 OK
r-oldrel-macos-arm64 1.2 5.00 44.00 49.00 OK
r-oldrel-macos-x86_64 1.2 9.00 66.00 75.00 OK
r-oldrel-windows-x86_64 1.2 18.00 127.00 145.00 OK

Check Details

Version: 1.2
Check: CRAN incoming feasibility
Result: NOTE Maintainer: ‘Layla Parast <parast@austin.utexas.edu>’ No Authors@R field in DESCRIPTION. Please add one, modifying Authors@R: person(given = "Layla", family = "Parast", role = c("aut", "cre"), email = "parast@austin.utexas.edu") as necessary. Flavors: r-devel-linux-x86_64-debian-clang, r-devel-linux-x86_64-debian-gcc

These binaries (installable software) and packages are in development.
They may not be fully stable and should be used with caution. We make no claims about them.