Last updated on 2025-05-01 08:52:45 CEST.
Flavor | Version | Tinstall | Tcheck | Ttotal | Status | Flags |
---|---|---|---|---|---|---|
r-devel-linux-x86_64-debian-clang | 0.1.1 | 25.00 | 62.99 | 87.99 | NOTE | |
r-devel-linux-x86_64-debian-gcc | 0.1.1 | 16.40 | 47.02 | 63.42 | NOTE | |
r-devel-linux-x86_64-fedora-clang | 0.1.1 | 144.60 | NOTE | |||
r-devel-linux-x86_64-fedora-gcc | 0.1.1 | 138.16 | NOTE | |||
r-devel-windows-x86_64 | 0.1.1 | 29.00 | 95.00 | 124.00 | NOTE | |
r-patched-linux-x86_64 | 0.1.1 | 23.90 | 59.83 | 83.73 | NOTE | |
r-release-linux-x86_64 | NOTE | |||||
r-release-macos-arm64 | 0.1.1 | 43.00 | NOTE | |||
r-release-macos-x86_64 | 0.1.1 | 78.00 | NOTE | |||
r-release-windows-x86_64 | 0.1.1 | 30.00 | 110.00 | 140.00 | NOTE | |
r-oldrel-macos-arm64 | 0.1.1 | 41.00 | NOTE | |||
r-oldrel-macos-x86_64 | 0.1.1 | 69.00 | NOTE | |||
r-oldrel-windows-x86_64 | 0.1.1 | 33.00 | 114.00 | 147.00 | NOTE |
Version: 0.1.1
Check: C++ specification
Result: NOTE
Specified C++11: please drop specification unless essential
Flavors: r-devel-linux-x86_64-debian-clang, r-devel-linux-x86_64-debian-gcc, r-devel-linux-x86_64-fedora-clang, r-devel-linux-x86_64-fedora-gcc, r-devel-windows-x86_64, r-patched-linux-x86_64, r-release-linux-x86_64, r-release-macos-arm64, r-release-macos-x86_64, r-release-windows-x86_64, r-oldrel-macos-arm64, r-oldrel-macos-x86_64, r-oldrel-windows-x86_64
These binaries (installable software) and packages are in development.
They may not be fully stable and should be used with caution. We make no claims about them.