Last updated on 2025-05-01 22:49:55 CEST.
Flavor | Version | Tinstall | Tcheck | Ttotal | Status | Flags |
---|---|---|---|---|---|---|
r-devel-linux-x86_64-debian-clang | 1.0.0 | 2.69 | 39.97 | 42.66 | OK | |
r-devel-linux-x86_64-debian-gcc | 1.0.0 | 2.00 | 30.21 | 32.21 | OK | |
r-devel-linux-x86_64-fedora-clang | 1.0.0 | 64.72 | OK | |||
r-devel-linux-x86_64-fedora-gcc | 1.0.0 | 77.08 | OK | |||
r-devel-windows-x86_64 | 1.0.0 | 4.00 | 67.00 | 71.00 | OK | |
r-patched-linux-x86_64 | 1.0.0 | 3.15 | 36.68 | 39.83 | OK | |
r-release-linux-x86_64 | OK | |||||
r-release-macos-arm64 | 1.0.0 | 38.00 | OK | |||
r-release-macos-x86_64 | 1.0.0 | 59.00 | OK | |||
r-release-windows-x86_64 | 1.0.0 | 5.00 | 66.00 | 71.00 | OK | |
r-oldrel-macos-arm64 | 1.0.0 | 32.00 | NOTE | |||
r-oldrel-macos-x86_64 | 1.0.0 | 46.00 | NOTE | |||
r-oldrel-windows-x86_64 | 1.0.0 | 5.00 | 72.00 | 77.00 | NOTE |
Version: 1.0.0
Check: LazyData
Result: NOTE
'LazyData' is specified without a 'data' directory
Flavors: r-oldrel-macos-arm64, r-oldrel-macos-x86_64, r-oldrel-windows-x86_64
These binaries (installable software) and packages are in development.
They may not be fully stable and should be used with caution. We make no claims about them.