Last updated on 2025-05-01 15:49:44 CEST.
Flavor | Version | Tinstall | Tcheck | Ttotal | Status | Flags |
---|---|---|---|---|---|---|
r-devel-linux-x86_64-debian-clang | 1.2.2 | 3.12 | 28.10 | 31.22 | NOTE | |
r-devel-linux-x86_64-debian-gcc | 1.2.2 | 1.97 | 21.68 | 23.65 | NOTE | |
r-devel-linux-x86_64-fedora-clang | 1.2.2 | 47.27 | OK | |||
r-devel-linux-x86_64-fedora-gcc | 1.2.2 | 44.27 | OK | |||
r-devel-windows-x86_64 | 1.2.2 | 4.00 | 54.00 | 58.00 | OK | |
r-patched-linux-x86_64 | 1.2.2 | 3.12 | 26.85 | 29.97 | OK | |
r-release-linux-x86_64 | OK | |||||
r-release-macos-arm64 | 1.2.2 | 26.00 | OK | |||
r-release-macos-x86_64 | 1.2.2 | 31.00 | OK | |||
r-release-windows-x86_64 | 1.2.2 | 5.00 | 57.00 | 62.00 | OK | |
r-oldrel-macos-arm64 | 1.2.2 | 18.00 | OK | |||
r-oldrel-macos-x86_64 | 1.2.2 | 28.00 | OK | |||
r-oldrel-windows-x86_64 | 1.2.2 | 5.00 | 52.00 | 57.00 | OK |
Version: 1.2.2
Check: CRAN incoming feasibility
Result: NOTE
Maintainer: ‘David Degras <ddegrasv@gmail.com>’
No Authors@R field in DESCRIPTION.
Please add one, modifying
Authors@R: person(given = "David",
family = "Degras",
role = c("aut", "cre"),
email = "ddegrasv@gmail.com")
as necessary.
File 'R/SCBmeanfd-internal.R' sets .Random.seed.
This is usually neither needed nor wanted.
Flavors: r-devel-linux-x86_64-debian-clang, r-devel-linux-x86_64-debian-gcc
These binaries (installable software) and packages are in development.
They may not be fully stable and should be used with caution. We make no claims about them.