Last updated on 2025-11-13 21:50:08 CET.
| Flavor | Version | Tinstall | Tcheck | Ttotal | Status | Flags |
|---|---|---|---|---|---|---|
| r-devel-linux-x86_64-debian-clang | 1.7 | 21.29 | 106.45 | 127.74 | NOTE | |
| r-devel-linux-x86_64-debian-gcc | 1.7 | 13.47 | 72.69 | 86.16 | NOTE | |
| r-devel-linux-x86_64-fedora-clang | 1.7 | 40.00 | 155.12 | 195.12 | OK | |
| r-devel-linux-x86_64-fedora-gcc | 1.7 | 46.00 | 144.55 | 190.55 | OK | |
| r-devel-windows-x86_64 | 1.7 | 21.00 | 111.00 | 132.00 | OK | |
| r-patched-linux-x86_64 | 1.7 | 19.11 | 102.58 | 121.69 | OK | |
| r-release-linux-x86_64 | 1.7 | 19.48 | 101.28 | 120.76 | OK | |
| r-release-macos-arm64 | 1.7 | 8.00 | 45.00 | 53.00 | OK | |
| r-release-macos-x86_64 | 1.7 | 17.00 | 81.00 | 98.00 | OK | |
| r-release-windows-x86_64 | 1.7 | 21.00 | 109.00 | 130.00 | OK | |
| r-oldrel-macos-arm64 | 1.7 | 7.00 | 39.00 | 46.00 | OK | |
| r-oldrel-macos-x86_64 | 1.7 | 12.00 | 64.00 | 76.00 | OK | |
| r-oldrel-windows-x86_64 | 1.7 | 27.00 | 136.00 | 163.00 | OK |
Version: 1.7
Check: CRAN incoming feasibility
Result: NOTE
Maintainer: ‘"Yonas Ghebremichael Weldeselassie" <yonas.weldeselassie@open.ac.uk>’
No Authors@R field in DESCRIPTION.
Please add one, modifying
Authors@R: c(person(given = c("Yonas", "Ghebremichael"),
family = "Weldeselassie",
role = "aut"),
person(given = "Heather",
family = "Whitaker",
role = "aut"),
person(given = "Paddy",
family = "Farrington",
role = "aut"),
person(given = c("\"Yonas", "Ghebremichael"),
family = "Weldeselassie\"",
role = "cre",
email = "yonas.weldeselassie@open.ac.uk"))
as necessary.
Flavors: r-devel-linux-x86_64-debian-clang, r-devel-linux-x86_64-debian-gcc
These binaries (installable software) and packages are in development.
They may not be fully stable and should be used with caution. We make no claims about them.