CRAN Package Check Results for Package SCCS

Last updated on 2025-07-26 07:50:34 CEST.

Flavor Version Tinstall Tcheck Ttotal Status Flags
r-devel-linux-x86_64-debian-clang 1.7 20.15 103.82 123.97 NOTE
r-devel-linux-x86_64-debian-gcc 1.7 12.70 72.80 85.50 NOTE
r-devel-linux-x86_64-fedora-clang 1.7 194.78 OK
r-devel-linux-x86_64-fedora-gcc 1.7 189.81 OK
r-devel-windows-x86_64 1.7 19.00 115.00 134.00 OK
r-patched-linux-x86_64 1.7 19.85 100.96 120.81 OK
r-release-linux-x86_64 1.7 16.03 102.58 118.61 OK
r-release-macos-arm64 1.7 53.00 OK
r-release-macos-x86_64 1.7 98.00 OK
r-release-windows-x86_64 1.7 17.00 111.00 128.00 OK
r-oldrel-macos-arm64 1.7 46.00 OK
r-oldrel-macos-x86_64 1.7 76.00 OK
r-oldrel-windows-x86_64 1.7 26.00 141.00 167.00 OK

Check Details

Version: 1.7
Check: CRAN incoming feasibility
Result: NOTE Maintainer: ‘"Yonas Ghebremichael Weldeselassie" <yonas.weldeselassie@open.ac.uk>’ No Authors@R field in DESCRIPTION. Please add one, modifying Authors@R: c(person(given = c("Yonas", "Ghebremichael"), family = "Weldeselassie", role = "aut"), person(given = "Heather", family = "Whitaker", role = "aut"), person(given = "Paddy", family = "Farrington", role = "aut"), person(given = c("\"Yonas", "Ghebremichael"), family = "Weldeselassie\"", role = "cre", email = "yonas.weldeselassie@open.ac.uk")) as necessary. Flavors: r-devel-linux-x86_64-debian-clang, r-devel-linux-x86_64-debian-gcc

These binaries (installable software) and packages are in development.
They may not be fully stable and should be used with caution. We make no claims about them.