Last updated on 2024-07-27 15:50:33 CEST.
Flavor | Version | Tinstall | Tcheck | Ttotal | Status | Flags |
---|---|---|---|---|---|---|
r-devel-linux-x86_64-debian-clang | 0.4.0 | 6.75 | 248.76 | 255.51 | OK | |
r-devel-linux-x86_64-debian-gcc | 0.4.0 | NOTE | ||||
r-devel-linux-x86_64-fedora-clang | 0.4.0 | 311.04 | OK | |||
r-devel-linux-x86_64-fedora-gcc | 0.4.0 | 293.25 | OK | |||
r-devel-windows-x86_64 | 0.4.0 | 7.00 | 181.00 | 188.00 | NOTE | |
r-patched-linux-x86_64 | 0.4.0 | OK | ||||
r-release-linux-x86_64 | 0.4.0 | 4.94 | 232.85 | 237.79 | OK | |
r-release-macos-arm64 | 0.4.0 | 93.00 | OK | |||
r-release-macos-x86_64 | 0.4.0 | 148.00 | OK | |||
r-release-windows-x86_64 | 0.4.0 | 8.00 | 183.00 | 191.00 | OK | |
r-oldrel-macos-arm64 | 0.4.0 | 86.00 | OK | |||
r-oldrel-macos-x86_64 | 0.4.0 | 252.00 | OK | |||
r-oldrel-windows-x86_64 | 0.4.0 | 9.00 | 237.00 | 246.00 | OK |
Version: 0.4.0
Check: Rd cross-references
Result: NOTE
Found the following Rd file(s) with Rd \link{} targets missing package
anchors:
joins.Rd: show_query
Please provide package anchors for all Rd \link{} targets not in the
package itself and the base packages.
Flavors: r-devel-linux-x86_64-debian-gcc, r-devel-windows-x86_64
These binaries (installable software) and packages are in development.
They may not be fully stable and should be used with caution. We make no claims about them.