Last updated on 2025-10-24 11:50:57 CEST.
| Flavor | Version | Tinstall | Tcheck | Ttotal | Status | Flags |
|---|---|---|---|---|---|---|
| r-devel-linux-x86_64-debian-clang | 0.2-4 | 10.06 | 23.81 | 33.87 | OK | |
| r-devel-linux-x86_64-debian-gcc | 0.2-4 | 8.56 | 19.58 | 28.14 | OK | |
| r-devel-linux-x86_64-fedora-clang | 0.2-4 | 67.00 | -13.46 | 53.54 | NOTE | |
| r-devel-linux-x86_64-fedora-gcc | 0.2-4 | 21.00 | 30.10 | 51.10 | NOTE | |
| r-devel-windows-x86_64 | 0.2-4 | 14.00 | 43.00 | 57.00 | OK | |
| r-patched-linux-x86_64 | 0.2-4 | 9.91 | 23.00 | 32.91 | OK | |
| r-release-linux-x86_64 | 0.2-4 | 9.67 | 22.92 | 32.59 | OK | |
| r-release-macos-arm64 | 0.2-4 | 8.00 | 18.00 | 26.00 | OK | |
| r-release-macos-x86_64 | 0.2-4 | 12.00 | 28.00 | 40.00 | OK | |
| r-release-windows-x86_64 | 0.2-4 | 12.00 | 45.00 | 57.00 | OK | |
| r-oldrel-macos-arm64 | 0.2-4 | 7.00 | 15.00 | 22.00 | OK | |
| r-oldrel-macos-x86_64 | 0.2-4 | 16.00 | 31.00 | 47.00 | OK | |
| r-oldrel-windows-x86_64 | 0.2-4 | 12.00 | 53.00 | 65.00 | OK |
Version: 0.2-4
Check: compiled code
Result: NOTE
File ‘SCEPtER/libs/SCEPtER.so’:
Found no calls to: ‘R_registerRoutines’, ‘R_useDynamicSymbols’
It is good practice to register native routines and to disable symbol
search.
See ‘Writing portable packages’ in the ‘Writing R Extensions’ manual.
Flavors: r-devel-linux-x86_64-fedora-clang, r-devel-linux-x86_64-fedora-gcc
These binaries (installable software) and packages are in development.
They may not be fully stable and should be used with caution. We make no claims about them.