CRAN Package Check Results for Package SCEPtER

Last updated on 2025-07-01 17:55:29 CEST.

Flavor Version Tinstall Tcheck Ttotal Status Flags
r-devel-linux-x86_64-debian-clang 0.2-4 9.71 22.99 32.70 OK
r-devel-linux-x86_64-debian-gcc 0.2-4 8.23 18.81 27.04 OK
r-devel-linux-x86_64-fedora-clang 0.2-4 54.74 NOTE
r-devel-linux-x86_64-fedora-gcc 0.2-4 49.72 NOTE
r-devel-windows-x86_64 0.2-4 13.00 45.00 58.00 OK
r-patched-linux-x86_64 OK
r-release-linux-x86_64 0.2-4 9.90 21.72 31.62 OK
r-release-macos-arm64 0.2-4 26.00 OK
r-release-macos-x86_64 0.2-4 40.00 OK
r-release-windows-x86_64 0.2-4 11.00 46.00 57.00 OK
r-oldrel-macos-arm64 0.2-4 22.00 OK
r-oldrel-macos-x86_64 0.2-4 47.00 OK
r-oldrel-windows-x86_64 0.2-4 13.00 50.00 63.00 OK

Check Details

Version: 0.2-4
Check: compiled code
Result: NOTE File ‘SCEPtER/libs/SCEPtER.so’: Found no calls to: ‘R_registerRoutines’, ‘R_useDynamicSymbols’ It is good practice to register native routines and to disable symbol search. See ‘Writing portable packages’ in the ‘Writing R Extensions’ manual. Flavors: r-devel-linux-x86_64-fedora-clang, r-devel-linux-x86_64-fedora-gcc

These binaries (installable software) and packages are in development.
They may not be fully stable and should be used with caution. We make no claims about them.