Last updated on 2025-02-02 19:48:33 CET.
Flavor | Version | Tinstall | Tcheck | Ttotal | Status | Flags |
---|---|---|---|---|---|---|
r-devel-linux-x86_64-debian-clang | 3.0 | 11.77 | 84.21 | 95.98 | NOTE | |
r-devel-linux-x86_64-debian-gcc | 3.0 | 8.36 | 60.16 | 68.52 | NOTE | |
r-devel-linux-x86_64-fedora-clang | 3.0 | 156.79 | OK | |||
r-devel-linux-x86_64-fedora-gcc | 3.0 | 144.73 | OK | |||
r-devel-windows-x86_64 | 3.0 | 12.00 | 111.00 | 123.00 | NOTE | --no-vignettes |
r-patched-linux-x86_64 | 3.0 | 15.62 | 78.26 | 93.88 | OK | |
r-release-linux-x86_64 | 3.0 | 10.76 | 78.75 | 89.51 | OK | |
r-release-macos-arm64 | 3.0 | 43.00 | OK | |||
r-release-macos-x86_64 | 3.0 | 66.00 | OK | |||
r-release-windows-x86_64 | 3.0 | 13.00 | 109.00 | 122.00 | OK | --no-vignettes |
r-oldrel-macos-arm64 | 3.0 | 45.00 | OK | |||
r-oldrel-macos-x86_64 | 3.0 | 68.00 | OK | |||
r-oldrel-windows-x86_64 | 3.0 | 16.00 | 116.00 | 132.00 | OK | --no-vignettes |
Version: 3.0
Check: Rd cross-references
Result: NOTE
Found the following Rd file(s) with Rd \link{} targets missing package
anchors:
barplot.SCGLRTHM.Rd: theme
plot.SCGLR.Rd: ggplot
plot.SCGLRTHM.Rd: ggplot
scglrThemeBackward.Rd: Formula
screeplot.SCGLRTHM.Rd: theme
Please provide package anchors for all Rd \link{} targets not in the
package itself and the base packages.
Flavors: r-devel-linux-x86_64-debian-clang, r-devel-linux-x86_64-debian-gcc
Version: 3.0
Flags: --no-vignettes
Check: Rd cross-references
Result: NOTE
Found the following Rd file(s) with Rd \link{} targets missing package
anchors:
barplot.SCGLRTHM.Rd: theme
plot.SCGLR.Rd: ggplot
plot.SCGLRTHM.Rd: ggplot
scglrThemeBackward.Rd: Formula
screeplot.SCGLRTHM.Rd: theme
Please provide package anchors for all Rd \link{} targets not in the
package itself and the base packages.
Flavor: r-devel-windows-x86_64
These binaries (installable software) and packages are in development.
They may not be fully stable and should be used with caution. We make no claims about them.