Last updated on 2025-10-24 05:50:55 CEST.
| Flavor | Version | Tinstall | Tcheck | Ttotal | Status | Flags |
|---|---|---|---|---|---|---|
| r-devel-linux-x86_64-debian-clang | 1.2.0 | 2.21 | 23.85 | 26.06 | NOTE | |
| r-devel-linux-x86_64-debian-gcc | 1.2.0 | 1.81 | 19.65 | 21.46 | NOTE | |
| r-devel-linux-x86_64-fedora-clang | 1.2.0 | 22.00 | 20.42 | 42.42 | OK | |
| r-devel-linux-x86_64-fedora-gcc | 1.2.0 | 39.77 | OK | |||
| r-devel-windows-x86_64 | 1.2.0 | 3.00 | 48.00 | 51.00 | OK | |
| r-patched-linux-x86_64 | 1.2.0 | 2.15 | 23.13 | 25.28 | OK | |
| r-release-linux-x86_64 | 1.2.0 | 2.16 | 22.79 | 24.95 | OK | |
| r-release-macos-arm64 | 1.2.0 | 2.00 | 25.00 | 27.00 | OK | |
| r-release-macos-x86_64 | 1.2.0 | 2.00 | 25.00 | 27.00 | OK | |
| r-release-windows-x86_64 | 1.2.0 | 4.00 | 54.00 | 58.00 | OK | |
| r-oldrel-macos-arm64 | 1.2.0 | 1.00 | 16.00 | 17.00 | OK | |
| r-oldrel-macos-x86_64 | 1.2.0 | 1.00 | 25.00 | 26.00 | OK | |
| r-oldrel-windows-x86_64 | 1.2.0 | 4.00 | 52.00 | 56.00 | OK |
Version: 1.2.0
Check: CRAN incoming feasibility
Result: NOTE
Maintainer: ‘Ze Zhang <Ze.Zhang@utsouthwestern.edu>’
No Authors@R field in DESCRIPTION.
Please add one, modifying
Authors@R: person(given = "Ze",
family = "Zhang",
role = c("aut", "cre"),
email = "ze.zhang@utsouthwestern.edu")
as necessary.
Flavors: r-devel-linux-x86_64-debian-clang, r-devel-linux-x86_64-debian-gcc
These binaries (installable software) and packages are in development.
They may not be fully stable and should be used with caution. We make no claims about them.