Last updated on 2025-02-16 10:50:58 CET.
Flavor | Version | Tinstall | Tcheck | Ttotal | Status | Flags |
---|---|---|---|---|---|---|
r-devel-linux-x86_64-debian-clang | 0.99.6 | 55.99 | 461.74 | 517.73 | OK | |
r-devel-linux-x86_64-debian-gcc | 0.99.6 | 36.57 | 341.26 | 377.83 | OK | |
r-devel-linux-x86_64-fedora-clang | 0.99.6 | 882.48 | OK | |||
r-devel-linux-x86_64-fedora-gcc | 0.99.6 | 830.53 | OK | |||
r-devel-macos-arm64 | 0.99.6 | 237.00 | OK | |||
r-devel-macos-x86_64 | 0.99.6 | 417.00 | OK | |||
r-devel-windows-x86_64 | 0.99.6 | 50.00 | 403.00 | 453.00 | OK | |
r-patched-linux-x86_64 | 0.99.6 | 57.81 | 429.68 | 487.49 | OK | |
r-release-linux-x86_64 | 0.99.6 | 50.08 | 426.91 | 476.99 | OK | |
r-release-macos-arm64 | 0.99.6 | 233.00 | OK | |||
r-release-macos-x86_64 | 0.99.6 | 575.00 | OK | |||
r-release-windows-x86_64 | 0.99.6 | 55.00 | 395.00 | 450.00 | OK | |
r-oldrel-macos-arm64 | 0.99.6 | 9.00 | ERROR | |||
r-oldrel-macos-x86_64 | 0.99.6 | 11.00 | ERROR | |||
r-oldrel-windows-x86_64 | 0.99.6 | 72.00 | 527.00 | 599.00 | OK |
Version: 0.99.6
Check: package dependencies
Result: ERROR
Package required but not available: ‘batchelor’
See section ‘The DESCRIPTION file’ in the ‘Writing R Extensions’
manual.
Flavors: r-oldrel-macos-arm64, r-oldrel-macos-x86_64
These binaries (installable software) and packages are in development.
They may not be fully stable and should be used with caution. We make no claims about them.