CRAN Package Check Results for Package SCMA

Last updated on 2025-05-03 20:50:03 CEST.

Flavor Version Tinstall Tcheck Ttotal Status Flags
r-devel-linux-x86_64-debian-clang 1.3.1 1.86 18.97 20.83 NOTE
r-devel-linux-x86_64-debian-gcc 1.3.1 1.53 15.66 17.19 NOTE
r-devel-linux-x86_64-fedora-clang 1.3.1 31.99 OK
r-devel-linux-x86_64-fedora-gcc 1.3.1 31.28 OK
r-devel-windows-x86_64 1.3.1 3.00 40.00 43.00 OK
r-patched-linux-x86_64 1.3.1 2.04 18.16 20.20 OK
r-release-linux-x86_64 OK
r-release-macos-arm64 1.3.1 30.00 OK
r-release-macos-x86_64 1.3.1 23.00 OK
r-release-windows-x86_64 1.3.1 3.00 41.00 44.00 OK
r-oldrel-macos-arm64 1.3.1 14.00 OK
r-oldrel-macos-x86_64 1.3.1 20.00 OK
r-oldrel-windows-x86_64 1.3.1 3.00 39.00 42.00 OK

Check Details

Version: 1.3.1
Check: CRAN incoming feasibility
Result: NOTE Maintainer: ‘Tamal Kumar De <tamalkumar.de@kuleuven.be>’ No Authors@R field in DESCRIPTION. Please add one, modifying Authors@R: c(person(given = "Isis", family = "Bulte", role = "aut"), person(given = c("Tamal", "Kumar"), family = "De", role = c("aut", "cre"), email = "tamalkumar.de@kuleuven.be"), person(given = "Patrick", family = "Onghena", role = "aut")) as necessary. Flavors: r-devel-linux-x86_64-debian-clang, r-devel-linux-x86_64-debian-gcc

These binaries (installable software) and packages are in development.
They may not be fully stable and should be used with caution. We make no claims about them.