Last updated on 2025-05-01 08:52:45 CEST.
Flavor | Version | Tinstall | Tcheck | Ttotal | Status | Flags |
---|---|---|---|---|---|---|
r-devel-linux-x86_64-debian-clang | 1.1.2 | 2.49 | 25.27 | 27.76 | NOTE | |
r-devel-linux-x86_64-debian-gcc | 1.1.2 | 1.53 | 19.91 | 21.44 | NOTE | |
r-devel-linux-x86_64-fedora-clang | 1.1.2 | 42.34 | OK | |||
r-devel-linux-x86_64-fedora-gcc | 1.1.2 | 40.45 | OK | |||
r-devel-windows-x86_64 | 1.1.2 | 3.00 | 52.00 | 55.00 | OK | |
r-patched-linux-x86_64 | 1.1.2 | 2.53 | 23.35 | 25.88 | OK | |
r-release-linux-x86_64 | OK | |||||
r-release-macos-arm64 | 1.1.2 | 18.00 | OK | |||
r-release-macos-x86_64 | 1.1.2 | 26.00 | OK | |||
r-release-windows-x86_64 | 1.1.2 | 3.00 | 52.00 | 55.00 | OK | |
r-oldrel-macos-arm64 | 1.1.2 | 17.00 | OK | |||
r-oldrel-macos-x86_64 | 1.1.2 | 24.00 | OK | |||
r-oldrel-windows-x86_64 | 1.1.2 | 4.00 | 48.00 | 52.00 | OK |
Version: 1.1.2
Check: CRAN incoming feasibility
Result: NOTE
Maintainer: ‘Debsurya De <debsurya001@gmail.com>’
The Description field contains
<arXiv:1909.04024> .
Please refer to arXiv e-prints via their arXiv DOI <doi:10.48550/arXiv.YYMM.NNNNN>.
Flavors: r-devel-linux-x86_64-debian-clang, r-devel-linux-x86_64-debian-gcc
These binaries (installable software) and packages are in development.
They may not be fully stable and should be used with caution. We make no claims about them.