CRAN Package Check Results for Package SCORNET

Last updated on 2025-05-21 17:52:26 CEST.

Flavor Version Tinstall Tcheck Ttotal Status Flags
r-devel-linux-x86_64-debian-clang 0.1.1 18.83 39.13 57.96 OK
r-devel-linux-x86_64-debian-gcc 0.1.1 11.09 30.06 41.15 OK
r-devel-linux-x86_64-fedora-clang 0.1.1 106.56 NOTE
r-devel-linux-x86_64-fedora-gcc 0.1.1 112.38 NOTE
r-devel-windows-x86_64 0.1.1 22.00 83.00 105.00 OK
r-patched-linux-x86_64 0.1.1 15.92 37.40 53.32 OK
r-release-linux-x86_64 0.1.1 16.07 37.28 53.35 OK
r-release-macos-arm64 0.1.1 40.00 OK
r-release-macos-x86_64 0.1.1 64.00 OK
r-release-windows-x86_64 0.1.1 23.00 80.00 103.00 OK
r-oldrel-macos-arm64 0.1.1 36.00 NOTE
r-oldrel-macos-x86_64 0.1.1 52.00 NOTE
r-oldrel-windows-x86_64 0.1.1 27.00 97.00 124.00 NOTE

Check Details

Version: 0.1.1
Check: dependencies in R code
Result: NOTE Namespaces in Imports field not imported from: ‘Matrix’ ‘pracma’ All declared Imports should be used. Flavors: r-devel-linux-x86_64-fedora-clang, r-devel-linux-x86_64-fedora-gcc

Version: 0.1.1
Check: LazyData
Result: NOTE 'LazyData' is specified without a 'data' directory Flavors: r-oldrel-macos-arm64, r-oldrel-macos-x86_64, r-oldrel-windows-x86_64

These binaries (installable software) and packages are in development.
They may not be fully stable and should be used with caution. We make no claims about them.