Last updated on 2025-11-11 17:50:12 CET.
| Flavor | Version | Tinstall | Tcheck | Ttotal | Status | Flags |
|---|---|---|---|---|---|---|
| r-devel-linux-x86_64-debian-clang | 0.1.1 | 17.35 | 40.19 | 57.54 | OK | |
| r-devel-linux-x86_64-debian-gcc | 0.1.1 | 10.46 | 31.36 | 41.82 | OK | |
| r-devel-linux-x86_64-fedora-clang | 0.1.1 | 52.00 | 53.11 | 105.11 | NOTE | |
| r-devel-linux-x86_64-fedora-gcc | 0.1.1 | 25.00 | 80.50 | 105.50 | NOTE | |
| r-devel-windows-x86_64 | 0.1.1 | 22.00 | 82.00 | 104.00 | OK | |
| r-patched-linux-x86_64 | 0.1.1 | 16.02 | 38.91 | 54.93 | OK | |
| r-release-linux-x86_64 | 0.1.1 | 16.71 | 38.83 | 55.54 | OK | |
| r-release-macos-arm64 | 0.1.1 | 6.00 | 34.00 | 40.00 | OK | |
| r-release-macos-x86_64 | 0.1.1 | 11.00 | 53.00 | 64.00 | OK | |
| r-release-windows-x86_64 | 0.1.1 | 23.00 | 83.00 | 106.00 | OK | |
| r-oldrel-macos-arm64 | 0.1.1 | 8.00 | 28.00 | 36.00 | NOTE | |
| r-oldrel-macos-x86_64 | 0.1.1 | 9.00 | 43.00 | 52.00 | NOTE | |
| r-oldrel-windows-x86_64 | 0.1.1 | 28.00 | 97.00 | 125.00 | NOTE |
Version: 0.1.1
Check: dependencies in R code
Result: NOTE
Namespaces in Imports field not imported from:
‘Matrix’ ‘pracma’
All declared Imports should be used.
Flavors: r-devel-linux-x86_64-fedora-clang, r-devel-linux-x86_64-fedora-gcc
Version: 0.1.1
Check: LazyData
Result: NOTE
'LazyData' is specified without a 'data' directory
Flavors: r-oldrel-macos-arm64, r-oldrel-macos-x86_64, r-oldrel-windows-x86_64
These binaries (installable software) and packages are in development.
They may not be fully stable and should be used with caution. We make no claims about them.