CRAN Package Check Results for Package SCORNET

Last updated on 2025-07-22 13:49:24 CEST.

Flavor Version Tinstall Tcheck Ttotal Status Flags
r-devel-linux-x86_64-debian-clang 0.1.1 17.54 39.60 57.14 OK
r-devel-linux-x86_64-debian-gcc 0.1.1 11.99 30.43 42.42 OK
r-devel-linux-x86_64-fedora-clang 0.1.1 102.44 NOTE
r-devel-linux-x86_64-fedora-gcc 0.1.1 103.72 NOTE
r-devel-windows-x86_64 0.1.1 21.00 79.00 100.00 OK
r-patched-linux-x86_64 0.1.1 15.02 37.52 52.54 OK
r-release-linux-x86_64 0.1.1 16.13 37.74 53.87 OK
r-release-macos-arm64 0.1.1 40.00 OK
r-release-macos-x86_64 0.1.1 64.00 OK
r-release-windows-x86_64 0.1.1 23.00 79.00 102.00 OK
r-oldrel-macos-arm64 0.1.1 36.00 NOTE
r-oldrel-macos-x86_64 0.1.1 52.00 NOTE
r-oldrel-windows-x86_64 0.1.1 27.00 100.00 127.00 NOTE

Check Details

Version: 0.1.1
Check: dependencies in R code
Result: NOTE Namespaces in Imports field not imported from: ‘Matrix’ ‘pracma’ All declared Imports should be used. Flavors: r-devel-linux-x86_64-fedora-clang, r-devel-linux-x86_64-fedora-gcc

Version: 0.1.1
Check: LazyData
Result: NOTE 'LazyData' is specified without a 'data' directory Flavors: r-oldrel-macos-arm64, r-oldrel-macos-x86_64, r-oldrel-windows-x86_64

These binaries (installable software) and packages are in development.
They may not be fully stable and should be used with caution. We make no claims about them.