Last updated on 2024-07-27 15:50:33 CEST.
Flavor | Version | Tinstall | Tcheck | Ttotal | Status | Flags |
---|---|---|---|---|---|---|
r-devel-linux-x86_64-debian-clang | 1.0.0 | 44.33 | 607.65 | 651.98 | OK | |
r-devel-linux-x86_64-debian-gcc | 1.0.0 | OK | ||||
r-devel-linux-x86_64-fedora-clang | 1.0.0 | 883.65 | NOTE | |||
r-devel-linux-x86_64-fedora-gcc | 1.0.0 | 798.75 | NOTE | |||
r-devel-windows-x86_64 | 1.0.0 | 49.00 | 397.00 | 446.00 | OK | |
r-patched-linux-x86_64 | 1.0.0 | OK | ||||
r-release-linux-x86_64 | 1.0.0 | 36.92 | 575.68 | 612.60 | OK | |
r-release-macos-arm64 | 1.0.0 | 230.00 | OK | |||
r-release-macos-x86_64 | 1.0.0 | 327.00 | OK | |||
r-release-windows-x86_64 | 1.0.0 | 50.00 | 402.00 | 452.00 | OK | |
r-oldrel-macos-arm64 | 1.0.0 | 205.00 | OK | |||
r-oldrel-macos-x86_64 | 1.0.0 | 368.00 | OK | |||
r-oldrel-windows-x86_64 | 1.0.0 | 67.00 | 536.00 | 603.00 | OK |
Version: 1.0.0
Check: dependencies in R code
Result: NOTE
Namespaces in Imports field not imported from:
‘BiocManager’ ‘crayon’ ‘knitr’ ‘methods’
All declared Imports should be used.
Flavors: r-devel-linux-x86_64-fedora-clang, r-devel-linux-x86_64-fedora-gcc
These binaries (installable software) and packages are in development.
They may not be fully stable and should be used with caution. We make no claims about them.