Last updated on 2025-11-11 15:50:46 CET.
| Flavor | Version | Tinstall | Tcheck | Ttotal | Status | Flags |
|---|---|---|---|---|---|---|
| r-devel-linux-x86_64-debian-clang | 1.3.1 | 7.54 | 40.55 | 48.09 | NOTE | |
| r-devel-linux-x86_64-debian-gcc | 1.3.1 | 4.50 | 27.35 | 31.85 | NOTE | |
| r-devel-linux-x86_64-fedora-clang | 1.3.1 | 17.00 | 57.07 | 74.07 | OK | |
| r-devel-linux-x86_64-fedora-gcc | 1.3.1 | 17.00 | 51.14 | 68.14 | OK | |
| r-devel-windows-x86_64 | 1.3.1 | 8.00 | 52.00 | 60.00 | OK | |
| r-patched-linux-x86_64 | 1.3.1 | 8.15 | 36.99 | 45.14 | OK | |
| r-release-linux-x86_64 | 1.3.1 | 7.56 | 37.68 | 45.24 | OK | |
| r-release-macos-arm64 | 1.3.1 | 4.00 | 28.00 | 32.00 | OK | |
| r-release-macos-x86_64 | 1.3.1 | 7.00 | 31.00 | 38.00 | OK | |
| r-release-windows-x86_64 | 1.3.1 | 8.00 | 50.00 | 58.00 | OK | |
| r-oldrel-macos-arm64 | 1.3.1 | 3.00 | 16.00 | 19.00 | OK | |
| r-oldrel-macos-x86_64 | 1.3.1 | 5.00 | 28.00 | 33.00 | OK | |
| r-oldrel-windows-x86_64 | 1.3.1 | 8.00 | 52.00 | 60.00 | OK |
Version: 1.3.1
Check: CRAN incoming feasibility
Result: NOTE
Maintainer: ‘Tamal Kumar De <tamalkumar.de@kuleuven.be>’
No Authors@R field in DESCRIPTION.
Please add one, modifying
Authors@R: c(person(given = "Isis",
family = "Bulte",
role = "aut"),
person(given = c("Tamal", "Kumar"),
family = "De",
role = c("aut", "cre"),
email = "tamalkumar.de@kuleuven.be"),
person(given = "Patrick",
family = "Onghena",
role = "aut"))
as necessary.
Flavors: r-devel-linux-x86_64-debian-clang, r-devel-linux-x86_64-debian-gcc
These binaries (installable software) and packages are in development.
They may not be fully stable and should be used with caution. We make no claims about them.