Last updated on 2025-02-16 10:50:58 CET.
Flavor | Version | Tinstall | Tcheck | Ttotal | Status | Flags |
---|---|---|---|---|---|---|
r-devel-linux-x86_64-debian-clang | 1.0.0 | 54.61 | 416.79 | 471.40 | OK | |
r-devel-linux-x86_64-debian-gcc | 1.0.0 | 39.00 | 302.07 | 341.07 | OK | |
r-devel-linux-x86_64-fedora-clang | 1.0.0 | 823.49 | OK | |||
r-devel-linux-x86_64-fedora-gcc | 1.0.0 | 739.01 | OK | |||
r-devel-macos-arm64 | 1.0.0 | 191.00 | OK | |||
r-devel-macos-x86_64 | 1.0.0 | 473.00 | OK | |||
r-devel-windows-x86_64 | 1.0.0 | 50.00 | 330.00 | 380.00 | OK | |
r-patched-linux-x86_64 | 1.0.0 | 46.93 | 371.46 | 418.39 | OK | |
r-release-linux-x86_64 | 1.0.0 | 46.66 | 372.92 | 419.58 | OK | |
r-release-macos-arm64 | 1.0.0 | 192.00 | OK | |||
r-release-macos-x86_64 | 1.0.0 | 265.00 | NOTE | |||
r-release-windows-x86_64 | 1.0.0 | 52.00 | 324.00 | 376.00 | OK | |
r-oldrel-macos-arm64 | 1.0.0 | 9.00 | ERROR | |||
r-oldrel-macos-x86_64 | 1.0.0 | 11.00 | ERROR | |||
r-oldrel-windows-x86_64 | 1.0.0 | 67.00 | 438.00 | 505.00 | OK |
Version: 1.0.0
Check: package dependencies
Result: NOTE
Package suggested but not available for checking: ‘Linnorm’
Flavor: r-release-macos-x86_64
Version: 1.0.0
Check: package dependencies
Result: ERROR
Package required but not available: ‘glmGamPoi’
Package suggested but not available for checking: ‘Linnorm’
See section ‘The DESCRIPTION file’ in the ‘Writing R Extensions’
manual.
Flavors: r-oldrel-macos-arm64, r-oldrel-macos-x86_64
These binaries (installable software) and packages are in development.
They may not be fully stable and should be used with caution. We make no claims about them.