CRAN Package Check Results for Package SDAR

Last updated on 2025-05-01 15:49:44 CEST.

Flavor Version Tinstall Tcheck Ttotal Status Flags
r-devel-linux-x86_64-debian-clang 0.9-55 8.66 60.29 68.95 NOTE
r-devel-linux-x86_64-debian-gcc 0.9-55 4.89 43.55 48.44 NOTE
r-devel-linux-x86_64-fedora-clang 0.9-55 110.26 OK
r-devel-linux-x86_64-fedora-gcc 0.9-55 118.84 OK
r-devel-windows-x86_64 0.9-55 11.00 72.00 83.00 OK
r-patched-linux-x86_64 0.9-55 8.75 57.85 66.60 OK
r-release-linux-x86_64 OK
r-release-macos-arm64 0.9-55 39.00 OK
r-release-macos-x86_64 0.9-55 71.00 OK
r-release-windows-x86_64 0.9-55 12.00 75.00 87.00 OK
r-oldrel-macos-arm64 0.9-55 39.00 OK
r-oldrel-macos-x86_64 0.9-55 59.00 OK
r-oldrel-windows-x86_64 0.9-55 12.00 86.00 98.00 OK

Check Details

Version: 0.9-55
Check: CRAN incoming feasibility
Result: NOTE Maintainer: ‘John R. Ortiz <jrortizt@unal.edu.co>’ Found the following URLs which should use \doi (with the DOI name only): File ‘plot.Rd’: https://doi.org/10.25573/data.13118426.v2 Flavors: r-devel-linux-x86_64-debian-clang, r-devel-linux-x86_64-debian-gcc

Version: 0.9-55
Check: examples
Result: NOTE Examples with CPU (user + system) or elapsed time > 5s user system elapsed plot 4.787 0.222 6.894 Flavor: r-devel-linux-x86_64-debian-clang

These binaries (installable software) and packages are in development.
They may not be fully stable and should be used with caution. We make no claims about them.