Last updated on 2024-07-27 15:50:33 CEST.
Flavor | Version | Tinstall | Tcheck | Ttotal | Status | Flags |
---|---|---|---|---|---|---|
r-devel-linux-x86_64-debian-clang | 1.0.1 | 4.02 | 45.31 | 49.33 | NOTE | |
r-devel-linux-x86_64-debian-gcc | 1.0.1 | NOTE | ||||
r-devel-linux-x86_64-fedora-clang | 1.0.1 | 61.49 | NOTE | |||
r-devel-linux-x86_64-fedora-gcc | 1.0.1 | 70.42 | NOTE | |||
r-devel-windows-x86_64 | 1.0.1 | 6.00 | 52.00 | 58.00 | NOTE | |
r-patched-linux-x86_64 | 1.0.1 | NOTE | ||||
r-release-linux-x86_64 | 1.0.1 | 3.86 | 41.52 | 45.38 | NOTE | |
r-release-macos-arm64 | 1.0.1 | 27.00 | NOTE | |||
r-release-macos-x86_64 | 1.0.1 | 38.00 | NOTE | |||
r-release-windows-x86_64 | 1.0.1 | 5.00 | 53.00 | 58.00 | NOTE | |
r-oldrel-macos-arm64 | 1.0.1 | 27.00 | OK | |||
r-oldrel-macos-x86_64 | 1.0.1 | 44.00 | OK | |||
r-oldrel-windows-x86_64 | 1.0.1 | 6.00 | 57.00 | 63.00 | OK |
Version: 1.0.1
Check: Rd files
Result: NOTE
checkRd: (-1) sdc_extabs.Rd:59: Lost braces
59 | (including ]code{forcelist} variables) that can be used to form tables.}
| ^
Flavors: r-devel-linux-x86_64-debian-clang, r-devel-linux-x86_64-debian-gcc, r-devel-linux-x86_64-fedora-clang, r-devel-linux-x86_64-fedora-gcc, r-devel-windows-x86_64, r-patched-linux-x86_64, r-release-linux-x86_64, r-release-macos-arm64, r-release-macos-x86_64, r-release-windows-x86_64
These binaries (installable software) and packages are in development.
They may not be fully stable and should be used with caution. We make no claims about them.