Last updated on 2025-10-04 11:50:48 CEST.
Flavor | Version | Tinstall | Tcheck | Ttotal | Status | Flags |
---|---|---|---|---|---|---|
r-devel-linux-x86_64-debian-clang | 1.0.1 | 3.10 | 37.57 | 40.67 | NOTE | |
r-devel-linux-x86_64-debian-gcc | 1.0.1 | 2.29 | 28.22 | 30.51 | NOTE | |
r-devel-linux-x86_64-fedora-clang | 1.0.1 | 69.88 | NOTE | |||
r-devel-linux-x86_64-fedora-gcc | 1.0.1 | 74.60 | NOTE | |||
r-devel-windows-x86_64 | 1.0.1 | 6.00 | 56.00 | 62.00 | NOTE | |
r-patched-linux-x86_64 | 1.0.1 | 3.29 | 36.28 | 39.57 | NOTE | |
r-release-linux-x86_64 | 1.0.1 | 2.55 | 36.23 | 38.78 | NOTE | |
r-release-macos-arm64 | 1.0.1 | 27.00 | NOTE | |||
r-release-macos-x86_64 | 1.0.1 | 50.00 | NOTE | |||
r-release-windows-x86_64 | 1.0.1 | 5.00 | 56.00 | 61.00 | NOTE | |
r-oldrel-macos-arm64 | 1.0.1 | 27.00 | NOTE | |||
r-oldrel-macos-x86_64 | 1.0.1 | 38.00 | NOTE | |||
r-oldrel-windows-x86_64 | 1.0.1 | 6.00 | 65.00 | 71.00 | NOTE |
Version: 1.0.1
Check: Rd files
Result: NOTE
checkRd: (-1) sdc_extabs.Rd:59: Lost braces
59 | (including ]code{forcelist} variables) that can be used to form tables.}
| ^
Flavors: r-devel-linux-x86_64-debian-clang, r-devel-linux-x86_64-debian-gcc, r-devel-linux-x86_64-fedora-clang, r-devel-linux-x86_64-fedora-gcc, r-devel-windows-x86_64, r-patched-linux-x86_64, r-release-linux-x86_64, r-release-macos-arm64, r-release-macos-x86_64, r-release-windows-x86_64, r-oldrel-macos-arm64, r-oldrel-macos-x86_64, r-oldrel-windows-x86_64
These binaries (installable software) and packages are in development.
They may not be fully stable and should be used with caution. We make no claims about them.