Last updated on 2025-02-23 07:52:09 CET.
Flavor | Version | Tinstall | Tcheck | Ttotal | Status | Flags |
---|---|---|---|---|---|---|
r-devel-linux-x86_64-debian-clang | 1.0.1 | 3.09 | 34.76 | 37.85 | NOTE | |
r-devel-linux-x86_64-debian-gcc | 1.0.1 | 2.41 | 25.97 | 28.38 | NOTE | |
r-devel-linux-x86_64-fedora-clang | 1.0.1 | 65.09 | NOTE | |||
r-devel-linux-x86_64-fedora-gcc | 1.0.1 | 72.50 | NOTE | |||
r-devel-macos-arm64 | 1.0.1 | 28.00 | NOTE | |||
r-devel-macos-x86_64 | 1.0.1 | 47.00 | NOTE | |||
r-devel-windows-x86_64 | 1.0.1 | 5.00 | 63.00 | 68.00 | NOTE | |
r-patched-linux-x86_64 | 1.0.1 | 3.04 | 32.51 | 35.55 | NOTE | |
r-release-linux-x86_64 | 1.0.1 | 3.11 | 32.97 | 36.08 | NOTE | |
r-release-macos-arm64 | 1.0.1 | 27.00 | NOTE | |||
r-release-macos-x86_64 | 1.0.1 | 38.00 | NOTE | |||
r-release-windows-x86_64 | 1.0.1 | 5.00 | 53.00 | 58.00 | NOTE | |
r-oldrel-macos-arm64 | 1.0.1 | 27.00 | OK | |||
r-oldrel-macos-x86_64 | 1.0.1 | 44.00 | OK | |||
r-oldrel-windows-x86_64 | 1.0.1 | 6.00 | 58.00 | 64.00 | OK |
Version: 1.0.1
Check: Rd files
Result: NOTE
checkRd: (-1) sdc_extabs.Rd:59: Lost braces
59 | (including ]code{forcelist} variables) that can be used to form tables.}
| ^
Flavors: r-devel-linux-x86_64-debian-clang, r-devel-linux-x86_64-debian-gcc, r-devel-linux-x86_64-fedora-clang, r-devel-linux-x86_64-fedora-gcc, r-devel-macos-arm64, r-devel-macos-x86_64, r-devel-windows-x86_64, r-patched-linux-x86_64, r-release-linux-x86_64, r-release-macos-arm64, r-release-macos-x86_64, r-release-windows-x86_64
These binaries (installable software) and packages are in development.
They may not be fully stable and should be used with caution. We make no claims about them.