CRAN Package Check Results for Package SDEFSR

Last updated on 2025-06-29 17:50:18 CEST.

Flavor Version Tinstall Tcheck Ttotal Status Flags
r-devel-linux-x86_64-debian-clang 0.7.22 8.90 68.22 77.12 NOTE
r-devel-linux-x86_64-debian-gcc 0.7.22 6.26 47.66 53.92 NOTE
r-devel-linux-x86_64-fedora-clang 0.7.22 122.88 NOTE
r-devel-linux-x86_64-fedora-gcc 0.7.22 145.05 NOTE
r-devel-windows-x86_64 0.7.22 11.00 94.00 105.00 NOTE
r-patched-linux-x86_64 NOTE
r-release-linux-x86_64 0.7.22 6.79 63.75 70.54 NOTE
r-release-macos-arm64 0.7.22 46.00 NOTE
r-release-macos-x86_64 0.7.22 97.00 NOTE
r-release-windows-x86_64 0.7.22 11.00 94.00 105.00 NOTE
r-oldrel-macos-arm64 0.7.22 50.00 NOTE
r-oldrel-macos-x86_64 0.7.22 70.00 NOTE
r-oldrel-windows-x86_64 0.7.22 13.00 110.00 123.00 NOTE

Check Details

Version: 0.7.22
Check: package subdirectories
Result: NOTE Problems with news in ‘NEWS.md’: No news entries found. Flavors: r-devel-linux-x86_64-debian-clang, r-devel-linux-x86_64-debian-gcc, r-devel-linux-x86_64-fedora-clang, r-devel-linux-x86_64-fedora-gcc, r-devel-windows-x86_64, r-patched-linux-x86_64, r-release-linux-x86_64, r-release-macos-arm64, r-release-macos-x86_64, r-release-windows-x86_64, r-oldrel-macos-arm64, r-oldrel-macos-x86_64, r-oldrel-windows-x86_64

These binaries (installable software) and packages are in development.
They may not be fully stable and should be used with caution. We make no claims about them.