CRAN Package Check Results for Package SDEFSR

Last updated on 2025-05-02 06:49:46 CEST.

Flavor Version Tinstall Tcheck Ttotal Status Flags
r-devel-linux-x86_64-debian-clang 0.7.22 8.43 67.10 75.53 NOTE
r-devel-linux-x86_64-debian-gcc 0.7.22 6.23 47.69 53.92 NOTE
r-devel-linux-x86_64-fedora-clang 0.7.22 122.88 NOTE
r-devel-linux-x86_64-fedora-gcc 0.7.22 143.93 NOTE
r-devel-windows-x86_64 0.7.22 11.00 93.00 104.00 NOTE
r-patched-linux-x86_64 0.7.22 9.17 63.29 72.46 NOTE
r-release-linux-x86_64 NOTE
r-release-macos-arm64 0.7.22 46.00 NOTE
r-release-macos-x86_64 0.7.22 97.00 NOTE
r-release-windows-x86_64 0.7.22 11.00 95.00 106.00 NOTE
r-oldrel-macos-arm64 0.7.22 50.00 NOTE
r-oldrel-macos-x86_64 0.7.22 70.00 NOTE
r-oldrel-windows-x86_64 0.7.22 13.00 106.00 119.00 NOTE

Check Details

Version: 0.7.22
Check: package subdirectories
Result: NOTE Problems with news in ‘NEWS.md’: No news entries found. Flavors: r-devel-linux-x86_64-debian-clang, r-devel-linux-x86_64-debian-gcc, r-devel-linux-x86_64-fedora-clang, r-devel-linux-x86_64-fedora-gcc, r-devel-windows-x86_64, r-patched-linux-x86_64, r-release-linux-x86_64, r-release-macos-arm64, r-release-macos-x86_64, r-release-windows-x86_64, r-oldrel-macos-arm64, r-oldrel-macos-x86_64, r-oldrel-windows-x86_64

These binaries (installable software) and packages are in development.
They may not be fully stable and should be used with caution. We make no claims about them.