Last updated on 2025-07-22 19:52:00 CEST.
Flavor | Version | Tinstall | Tcheck | Ttotal | Status | Flags |
---|---|---|---|---|---|---|
r-devel-linux-x86_64-debian-clang | 2.0.1 | 261.68 | 687.38 | 949.06 | OK | |
r-devel-linux-x86_64-debian-gcc | 2.0.1 | 155.22 | 384.81 | 540.03 | OK | |
r-devel-linux-x86_64-fedora-clang | 2.0.1 | 1542.16 | OK | |||
r-devel-linux-x86_64-fedora-gcc | 2.0.1 | 1433.84 | OK | |||
r-devel-windows-x86_64 | 2.0.1 | 206.00 | 421.00 | 627.00 | OK | |
r-patched-linux-x86_64 | 2.0.1 | 239.90 | 643.71 | 883.61 | OK | |
r-release-linux-x86_64 | 2.0.1 | 230.76 | 641.77 | 872.53 | OK | |
r-release-macos-arm64 | 2.0.1 | 293.00 | OK | |||
r-release-macos-x86_64 | 2.0.1 | 640.00 | OK | |||
r-release-windows-x86_64 | 2.0.1 | 208.00 | 422.00 | 630.00 | OK | |
r-oldrel-macos-arm64 | 2.0.1 | 254.00 | NOTE | |||
r-oldrel-macos-x86_64 | 2.0.1 | 478.00 | NOTE | |||
r-oldrel-windows-x86_64 | 2.0.1 | 325.00 | 622.00 | 947.00 | NOTE |
Version: 2.0.1
Check: installed package size
Result: NOTE
installed size is 9.2Mb
sub-directories of 1Mb or more:
R 8.6Mb
Flavors: r-oldrel-macos-arm64, r-oldrel-macos-x86_64, r-oldrel-windows-x86_64
These binaries (installable software) and packages are in development.
They may not be fully stable and should be used with caution. We make no claims about them.