Last updated on 2025-11-11 15:50:47 CET.
| Flavor | Version | Tinstall | Tcheck | Ttotal | Status | Flags |
|---|---|---|---|---|---|---|
| r-devel-linux-x86_64-debian-clang | 2.0.1 | 255.07 | 676.61 | 931.68 | OK | |
| r-devel-linux-x86_64-debian-gcc | 2.0.1 | 157.11 | 380.33 | 537.44 | OK | |
| r-devel-linux-x86_64-fedora-clang | 2.0.1 | 534.00 | 1031.67 | 1565.67 | OK | |
| r-devel-linux-x86_64-fedora-gcc | 2.0.1 | 523.00 | 933.96 | 1456.96 | OK | |
| r-devel-windows-x86_64 | 2.0.1 | 217.00 | 429.00 | 646.00 | OK | |
| r-patched-linux-x86_64 | 2.0.1 | 243.13 | 642.86 | 885.99 | OK | |
| r-release-linux-x86_64 | 2.0.1 | 235.39 | 639.67 | 875.06 | OK | |
| r-release-macos-arm64 | 2.0.1 | 116.00 | 177.00 | 293.00 | OK | |
| r-release-macos-x86_64 | 2.0.1 | 224.00 | 416.00 | 640.00 | OK | |
| r-release-windows-x86_64 | 2.0.1 | 213.00 | 433.00 | 646.00 | OK | |
| r-oldrel-macos-arm64 | 2.0.1 | 93.00 | 161.00 | 254.00 | NOTE | |
| r-oldrel-macos-x86_64 | 2.0.1 | 163.00 | 315.00 | 478.00 | NOTE | |
| r-oldrel-windows-x86_64 | 2.0.1 | 321.00 | 621.00 | 942.00 | NOTE |
Version: 2.0.1
Check: installed package size
Result: NOTE
installed size is 9.2Mb
sub-directories of 1Mb or more:
R 8.6Mb
Flavors: r-oldrel-macos-arm64, r-oldrel-macos-x86_64, r-oldrel-windows-x86_64
These binaries (installable software) and packages are in development.
They may not be fully stable and should be used with caution. We make no claims about them.